{"id":1525,"date":"2024-03-21T14:25:46","date_gmt":"2024-03-21T14:25:46","guid":{"rendered":"https:\/\/keszleragnesdesign.com\/?page_id=1525"},"modified":"2024-04-15T20:54:43","modified_gmt":"2024-04-15T20:54:43","slug":"ekszerek-taskak","status":"publish","type":"page","link":"https:\/\/keszleragnesdesign.com\/index.php\/ekszerek-taskak\/","title":{"rendered":"T\u00e1sk\u00e1k"},"content":{"rendered":"<p>2024-ben elhat\u00e1roztam, hogy term\u00e9keim \u00faj k\u00f6rrel b\u0151v\u00edtem, \u00e9s egyedi \u00f6lt\u00f6z\u00e9khez ill\u0151 t\u00e1sk\u00e1t is mag\u00e1nban foglal\u00f3 kollekci\u00f3t ind\u00edtottam.<\/p>\n<p><a href=\"https:\/\/keszleragnesdesign.com\/wp-content\/uploads\/2024\/03\/IMG_20240314_150847_edit_176977558498527-scaled.jpg\"><img loading=\"lazy\" decoding=\"async\" class=\"aligncenter size-full wp-image-1526\" src=\"https:\/\/keszleragnesdesign.com\/wp-content\/uploads\/2024\/03\/IMG_20240314_150847_edit_176977558498527-scaled.jpg\" alt=\"\" width=\"2560\" height=\"2560\" srcset=\"https:\/\/keszleragnesdesign.com\/wp-content\/uploads\/2024\/03\/IMG_20240314_150847_edit_176977558498527-scaled.jpg 2560w, https:\/\/keszleragnesdesign.com\/wp-content\/uploads\/2024\/03\/IMG_20240314_150847_edit_176977558498527-300x300.jpg 300w, https:\/\/keszleragnesdesign.com\/wp-content\/uploads\/2024\/03\/IMG_20240314_150847_edit_176977558498527-1024x1024.jpg 1024w, https:\/\/keszleragnesdesign.com\/wp-content\/uploads\/2024\/03\/IMG_20240314_150847_edit_176977558498527-150x150.jpg 150w, https:\/\/keszleragnesdesign.com\/wp-content\/uploads\/2024\/03\/IMG_20240314_150847_edit_176977558498527-768x768.jpg 768w, https:\/\/keszleragnesdesign.com\/wp-content\/uploads\/2024\/03\/IMG_20240314_150847_edit_176977558498527-1536x1536.jpg 1536w, https:\/\/keszleragnesdesign.com\/wp-content\/uploads\/2024\/03\/IMG_20240314_150847_edit_176977558498527-2048x2048.jpg 2048w, https:\/\/keszleragnesdesign.com\/wp-content\/uploads\/2024\/03\/IMG_20240314_150847_edit_176977558498527-1140x1140.jpg 1140w, https:\/\/keszleragnesdesign.com\/wp-content\/uploads\/2024\/03\/IMG_20240314_150847_edit_176977558498527-75x75.jpg 75w\" sizes=\"auto, (max-width: 2560px) 100vw, 2560px\" \/><\/a><\/p>\n<p>Az els\u0151 darab Amethyst-teal Paradise n\u00e9vre hallgat, amely egy bronz csattal z\u00e1r\u00f3d\u00f3, brok\u00e1t anyagra r\u00e1dolgozott h\u00edmzett t\u00e1ska. A mot\u00edvumok egy teljes \u00e9kszerkollekci\u00f3n vonulnak v\u00e9gig, amelynek k\u00f6vetkez\u0151 darabja, a karperec is elk\u00e9sz\u00fclt.<\/p>\n<p><a href=\"https:\/\/keszleragnesdesign.com\/wp-content\/uploads\/2024\/04\/IMG_20240325_174123_edit_386554989022017_1-scaled.jpg\"><img loading=\"lazy\" decoding=\"async\" class=\"aligncenter wp-image-1532\" src=\"https:\/\/keszleragnesdesign.com\/wp-content\/uploads\/2024\/04\/IMG_20240325_174123_edit_386554989022017_1-scaled.jpg\" alt=\"\" width=\"426\" height=\"518\" srcset=\"https:\/\/keszleragnesdesign.com\/wp-content\/uploads\/2024\/04\/IMG_20240325_174123_edit_386554989022017_1-scaled.jpg 2109w, https:\/\/keszleragnesdesign.com\/wp-content\/uploads\/2024\/04\/IMG_20240325_174123_edit_386554989022017_1-247x300.jpg 247w, https:\/\/keszleragnesdesign.com\/wp-content\/uploads\/2024\/04\/IMG_20240325_174123_edit_386554989022017_1-844x1024.jpg 844w, https:\/\/keszleragnesdesign.com\/wp-content\/uploads\/2024\/04\/IMG_20240325_174123_edit_386554989022017_1-768x932.jpg 768w, https:\/\/keszleragnesdesign.com\/wp-content\/uploads\/2024\/04\/IMG_20240325_174123_edit_386554989022017_1-1265x1536.jpg 1265w, https:\/\/keszleragnesdesign.com\/wp-content\/uploads\/2024\/04\/IMG_20240325_174123_edit_386554989022017_1-1687x2048.jpg 1687w, https:\/\/keszleragnesdesign.com\/wp-content\/uploads\/2024\/04\/IMG_20240325_174123_edit_386554989022017_1-1140x1384.jpg 1140w\" sizes=\"auto, (max-width: 426px) 100vw, 426px\" \/><\/a><\/p>\n<p>Ig\u00e9ny eset\u00e9n alkalmi ruh\u00e1khoz egyedi, t\u00e1sk\u00e1t is mag\u00e1ba foglal\u00f3 \u00e9kszer-kollekci\u00f3k k\u00e9sz\u00edt\u00e9s\u00e9t v\u00e1llalom.<\/p>\n","protected":false},"excerpt":{"rendered":"<p>2024-ben elhat\u00e1roztam, hogy term\u00e9keim \u00faj k\u00f6rrel b\u0151v\u00edtem, \u00e9s egyedi \u00f6lt\u00f6z\u00e9khez ill\u0151 t\u00e1sk\u00e1t is mag\u00e1nban foglal\u00f3 kollekci\u00f3t ind\u00edtottam. Az els\u0151 darab Amethyst-teal Paradise n\u00e9vre hallgat, amely egy bronz csattal z\u00e1r\u00f3d\u00f3, brok\u00e1t anyagra r\u00e1dolgozott h\u00edmzett t\u00e1ska. A mot\u00edvumok egy teljes \u00e9kszerkollekci\u00f3n vonulnak v\u00e9gig, amelynek k\u00f6vetkez\u0151 darabja, a karperec is elk\u00e9sz\u00fclt. Ig\u00e9ny eset\u00e9n alkalmi ruh\u00e1khoz egyedi, t\u00e1sk\u00e1t is mag\u00e1ba foglal\u00f3 \u00e9kszer-kollekci\u00f3k k\u00e9sz\u00edt\u00e9s\u00e9t v\u00e1llalom.<\/p>\n","protected":false},"author":1,"featured_media":0,"parent":0,"menu_order":0,"comment_status":"closed","ping_status":"closed","template":"","meta":{"footnotes":""},"class_list":["post-1525","page","type-page","status-publish","hentry"],"jetpack_sharing_enabled":true,"_links":{"self":[{"href":"https:\/\/keszleragnesdesign.com\/index.php\/wp-json\/wp\/v2\/pages\/1525","targetHints":{"allow":["GET"]}}],"collection":[{"href":"https:\/\/keszleragnesdesign.com\/index.php\/wp-json\/wp\/v2\/pages"}],"about":[{"href":"https:\/\/keszleragnesdesign.com\/index.php\/wp-json\/wp\/v2\/types\/page"}],"author":[{"embeddable":true,"href":"https:\/\/keszleragnesdesign.com\/index.php\/wp-json\/wp\/v2\/users\/1"}],"replies":[{"embeddable":true,"href":"https:\/\/keszleragnesdesign.com\/index.php\/wp-json\/wp\/v2\/comments?post=1525"}],"version-history":[{"count":3,"href":"https:\/\/keszleragnesdesign.com\/index.php\/wp-json\/wp\/v2\/pages\/1525\/revisions"}],"predecessor-version":[{"id":1533,"href":"https:\/\/keszleragnesdesign.com\/index.php\/wp-json\/wp\/v2\/pages\/1525\/revisions\/1533"}],"wp:attachment":[{"href":"https:\/\/keszleragnesdesign.com\/index.php\/wp-json\/wp\/v2\/media?parent=1525"}],"curies":[{"name":"wp","href":"https:\/\/api.w.org\/{rel}","templated":true}]}}

Táskák

<p>2024-ben elhatároztam, hogy termékeim új körrel bővítem, és egyedi öltözékhez illő táskát is magánban foglaló kollekciót indítottam.</p>
<p><a href="https://keszleragnesdesign.com/wp-content/uploads/2024/03/IMG_20240314_150847_edit_176977558498527-scaled.jpg"><img loading="lazy" decoding="async" class="aligncenter size-full wp-image-1526" src="https://keszleragnesdesign.com/wp-content/uploads/2024/03/IMG_20240314_150847_edit_176977558498527-scaled.jpg" alt="" width="2560" height="2560" srcset="https://keszleragnesdesign.com/wp-content/uploads/2024/03/IMG_20240314_150847_edit_176977558498527-scaled.jpg 2560w, https://keszleragnesdesign.com/wp-content/uploads/2024/03/IMG_20240314_150847_edit_176977558498527-300x300.jpg 300w, https://keszleragnesdesign.com/wp-content/uploads/2024/03/IMG_20240314_150847_edit_176977558498527-1024x1024.jpg 1024w, https://keszleragnesdesign.com/wp-content/uploads/2024/03/IMG_20240314_150847_edit_176977558498527-150x150.jpg 150w, https://keszleragnesdesign.com/wp-content/uploads/2024/03/IMG_20240314_150847_edit_176977558498527-768x768.jpg 768w, https://keszleragnesdesign.com/wp-content/uploads/2024/03/IMG_20240314_150847_edit_176977558498527-1536x1536.jpg 1536w, https://keszleragnesdesign.com/wp-content/uploads/2024/03/IMG_20240314_150847_edit_176977558498527-2048x2048.jpg 2048w, https://keszleragnesdesign.com/wp-content/uploads/2024/03/IMG_20240314_150847_edit_176977558498527-1140x1140.jpg 1140w, https://keszleragnesdesign.com/wp-content/uploads/2024/03/IMG_20240314_150847_edit_176977558498527-75x75.jpg 75w" sizes="auto, (max-width: 2560px) 100vw, 2560px" /></a></p>
<p>Az első darab Amethyst-teal Paradise névre hallgat, amely egy bronz csattal záródó, brokát anyagra rádolgozott hímzett táska. A motívumok egy teljes ékszerkollekción vonulnak végig, amelynek következő darabja, a karperec is elkészült.</p>
<p><a href="https://keszleragnesdesign.com/wp-content/uploads/2024/04/IMG_20240325_174123_edit_386554989022017_1-scaled.jpg"><img loading="lazy" decoding="async" class="aligncenter wp-image-1532" src="https://keszleragnesdesign.com/wp-content/uploads/2024/04/IMG_20240325_174123_edit_386554989022017_1-scaled.jpg" alt="" width="426" height="518" srcset="https://keszleragnesdesign.com/wp-content/uploads/2024/04/IMG_20240325_174123_edit_386554989022017_1-scaled.jpg 2109w, https://keszleragnesdesign.com/wp-content/uploads/2024/04/IMG_20240325_174123_edit_386554989022017_1-247x300.jpg 247w, https://keszleragnesdesign.com/wp-content/uploads/2024/04/IMG_20240325_174123_edit_386554989022017_1-844x1024.jpg 844w, https://keszleragnesdesign.com/wp-content/uploads/2024/04/IMG_20240325_174123_edit_386554989022017_1-768x932.jpg 768w, https://keszleragnesdesign.com/wp-content/uploads/2024/04/IMG_20240325_174123_edit_386554989022017_1-1265x1536.jpg 1265w, https://keszleragnesdesign.com/wp-content/uploads/2024/04/IMG_20240325_174123_edit_386554989022017_1-1687x2048.jpg 1687w, https://keszleragnesdesign.com/wp-content/uploads/2024/04/IMG_20240325_174123_edit_386554989022017_1-1140x1384.jpg 1140w" sizes="auto, (max-width: 426px) 100vw, 426px" /></a></p>
<p>Igény esetén alkalmi ruhákhoz egyedi, táskát is magába foglaló ékszer-kollekciók készítését vállalom.</p>

<p>2024-ben elhatároztam, hogy termékeim új körrel bővítem, és egyedi öltözékhez illő táskát is magánban foglaló kollekciót indítottam. Az első darab Amethyst-teal Paradise névre hallgat, amely egy bronz csattal záródó, brokát anyagra rádolgozott hímzett táska. A motívumok egy teljes ékszerkollekción vonulnak végig, amelynek következő darabja, a karperec is elkészült. Igény esetén alkalmi ruhákhoz egyedi, táskát is magába foglaló ékszer-kollekciók készítését vállalom.</p>
