{"id":1543,"date":"2024-05-11T08:57:59","date_gmt":"2024-05-11T08:57:59","guid":{"rendered":"https:\/\/keszleragnesdesign.com\/?page_id=1543"},"modified":"2025-09-01T15:04:40","modified_gmt":"2025-09-01T15:04:40","slug":"egyeb","status":"publish","type":"page","link":"https:\/\/keszleragnesdesign.com\/index.php\/egyeb\/","title":{"rendered":"Egy\u00e9b"},"content":{"rendered":"<figure id=\"attachment_1250\" aria-describedby=\"caption-attachment-1250\" style=\"width: 1512px\" class=\"wp-caption aligncenter\"><a href=\"https:\/\/keszleragnesdesign.com\/wp-content\/uploads\/2023\/05\/IMG_20220512_064104.jpg\"><img loading=\"lazy\" decoding=\"async\" class=\"size-full wp-image-1250\" src=\"https:\/\/keszleragnesdesign.com\/wp-content\/uploads\/2023\/05\/IMG_20220512_064104.jpg\" alt=\"\" width=\"1512\" height=\"1860\" srcset=\"https:\/\/keszleragnesdesign.com\/wp-content\/uploads\/2023\/05\/IMG_20220512_064104.jpg 1512w, https:\/\/keszleragnesdesign.com\/wp-content\/uploads\/2023\/05\/IMG_20220512_064104-244x300.jpg 244w, https:\/\/keszleragnesdesign.com\/wp-content\/uploads\/2023\/05\/IMG_20220512_064104-832x1024.jpg 832w, https:\/\/keszleragnesdesign.com\/wp-content\/uploads\/2023\/05\/IMG_20220512_064104-768x945.jpg 768w, https:\/\/keszleragnesdesign.com\/wp-content\/uploads\/2023\/05\/IMG_20220512_064104-1249x1536.jpg 1249w, https:\/\/keszleragnesdesign.com\/wp-content\/uploads\/2023\/05\/IMG_20220512_064104-1140x1402.jpg 1140w\" sizes=\"auto, (max-width: 1512px) 100vw, 1512px\" \/><\/a><figcaption id=\"caption-attachment-1250\" class=\"wp-caption-text\">R\u00f3zsaf\u00fcz\u00e9rek, cseh tekla, vagy \u00e1sv\u00e1nygy\u00f6ngy\u00f6kb\u0151l. Rendelhet\u0151, \u00e1ra: 7.900.-<\/figcaption><\/figure>\n<p><a href=\"https:\/\/keszleragnesdesign.com\/wp-content\/uploads\/2025\/09\/IMG_20250311_151022-scaled.jpg\"><img loading=\"lazy\" decoding=\"async\" class=\"aligncenter size-full wp-image-1948\" src=\"https:\/\/keszleragnesdesign.com\/wp-content\/uploads\/2025\/09\/IMG_20250311_151022-scaled.jpg\" alt=\"\" width=\"2560\" height=\"1920\" srcset=\"https:\/\/keszleragnesdesign.com\/wp-content\/uploads\/2025\/09\/IMG_20250311_151022-scaled.jpg 2560w, https:\/\/keszleragnesdesign.com\/wp-content\/uploads\/2025\/09\/IMG_20250311_151022-300x225.jpg 300w, https:\/\/keszleragnesdesign.com\/wp-content\/uploads\/2025\/09\/IMG_20250311_151022-1024x768.jpg 1024w, https:\/\/keszleragnesdesign.com\/wp-content\/uploads\/2025\/09\/IMG_20250311_151022-768x576.jpg 768w, https:\/\/keszleragnesdesign.com\/wp-content\/uploads\/2025\/09\/IMG_20250311_151022-1536x1152.jpg 1536w, https:\/\/keszleragnesdesign.com\/wp-content\/uploads\/2025\/09\/IMG_20250311_151022-2048x1536.jpg 2048w, https:\/\/keszleragnesdesign.com\/wp-content\/uploads\/2025\/09\/IMG_20250311_151022-1140x855.jpg 1140w\" sizes=\"auto, (max-width: 2560px) 100vw, 2560px\" \/><\/a><\/p>\n<p>Kok\u00e1rd\u00e1k, k\u00fcl\u00f6nb\u00f6z\u0151 m\u00e9retben, szalaggal vagy szalag n\u00e9lk\u00fcl is rendelhet\u0151k.<\/p>\n<p><a href=\"https:\/\/keszleragnesdesign.com\/wp-content\/uploads\/2025\/09\/IMG_20241114_215417_1-scaled.jpg\"><img loading=\"lazy\" decoding=\"async\" class=\"aligncenter size-full wp-image-1947\" src=\"https:\/\/keszleragnesdesign.com\/wp-content\/uploads\/2025\/09\/IMG_20241114_215417_1-scaled.jpg\" alt=\"\" width=\"2560\" height=\"1920\" srcset=\"https:\/\/keszleragnesdesign.com\/wp-content\/uploads\/2025\/09\/IMG_20241114_215417_1-scaled.jpg 2560w, https:\/\/keszleragnesdesign.com\/wp-content\/uploads\/2025\/09\/IMG_20241114_215417_1-300x225.jpg 300w, https:\/\/keszleragnesdesign.com\/wp-content\/uploads\/2025\/09\/IMG_20241114_215417_1-1024x768.jpg 1024w, https:\/\/keszleragnesdesign.com\/wp-content\/uploads\/2025\/09\/IMG_20241114_215417_1-768x576.jpg 768w, https:\/\/keszleragnesdesign.com\/wp-content\/uploads\/2025\/09\/IMG_20241114_215417_1-1536x1152.jpg 1536w, https:\/\/keszleragnesdesign.com\/wp-content\/uploads\/2025\/09\/IMG_20241114_215417_1-2048x1536.jpg 2048w, https:\/\/keszleragnesdesign.com\/wp-content\/uploads\/2025\/09\/IMG_20241114_215417_1-1140x855.jpg 1140w\" sizes=\"auto, (max-width: 2560px) 100vw, 2560px\" \/><\/a><\/p>\n<p>Kulcstart\u00f3, rendel\u00e9sre k\u00e9sz\u00fclt.<\/p>\n<p>&nbsp;<\/p>\n","protected":false},"excerpt":{"rendered":"<p>Kok\u00e1rd\u00e1k, k\u00fcl\u00f6nb\u00f6z\u0151 m\u00e9retben, szalaggal vagy szalag n\u00e9lk\u00fcl is rendelhet\u0151k. Kulcstart\u00f3, rendel\u00e9sre k\u00e9sz\u00fclt. &nbsp;<\/p>\n","protected":false},"author":1,"featured_media":0,"parent":0,"menu_order":0,"comment_status":"closed","ping_status":"closed","template":"","meta":{"footnotes":""},"class_list":["post-1543","page","type-page","status-publish","hentry"],"jetpack_sharing_enabled":true,"_links":{"self":[{"href":"https:\/\/keszleragnesdesign.com\/index.php\/wp-json\/wp\/v2\/pages\/1543","targetHints":{"allow":["GET"]}}],"collection":[{"href":"https:\/\/keszleragnesdesign.com\/index.php\/wp-json\/wp\/v2\/pages"}],"about":[{"href":"https:\/\/keszleragnesdesign.com\/index.php\/wp-json\/wp\/v2\/types\/page"}],"author":[{"embeddable":true,"href":"https:\/\/keszleragnesdesign.com\/index.php\/wp-json\/wp\/v2\/users\/1"}],"replies":[{"embeddable":true,"href":"https:\/\/keszleragnesdesign.com\/index.php\/wp-json\/wp\/v2\/comments?post=1543"}],"version-history":[{"count":5,"href":"https:\/\/keszleragnesdesign.com\/index.php\/wp-json\/wp\/v2\/pages\/1543\/revisions"}],"predecessor-version":[{"id":1950,"href":"https:\/\/keszleragnesdesign.com\/index.php\/wp-json\/wp\/v2\/pages\/1543\/revisions\/1950"}],"wp:attachment":[{"href":"https:\/\/keszleragnesdesign.com\/index.php\/wp-json\/wp\/v2\/media?parent=1543"}],"curies":[{"name":"wp","href":"https:\/\/api.w.org\/{rel}","templated":true}]}}