{"id":1795,"date":"2025-06-02T08:26:57","date_gmt":"2025-06-02T08:26:57","guid":{"rendered":"https:\/\/keszleragnesdesign.com\/?page_id=1795"},"modified":"2025-06-02T09:27:56","modified_gmt":"2025-06-02T09:27:56","slug":"nyari-tabor","status":"publish","type":"page","link":"https:\/\/keszleragnesdesign.com\/index.php\/nyari-tabor\/","title":{"rendered":"Ny\u00e1ri t\u00e1bor"},"content":{"rendered":"<p><a href=\"https:\/\/keszleragnesdesign.com\/wp-content\/uploads\/2025\/06\/nyari-tabor-kis-fekvo-plakat-scaled.jpg\"><img loading=\"lazy\" decoding=\"async\" class=\"aligncenter size-full wp-image-1796\" src=\"https:\/\/keszleragnesdesign.com\/wp-content\/uploads\/2025\/06\/nyari-tabor-kis-fekvo-plakat-scaled.jpg\" alt=\"\" width=\"2560\" height=\"1440\" srcset=\"https:\/\/keszleragnesdesign.com\/wp-content\/uploads\/2025\/06\/nyari-tabor-kis-fekvo-plakat-scaled.jpg 2560w, https:\/\/keszleragnesdesign.com\/wp-content\/uploads\/2025\/06\/nyari-tabor-kis-fekvo-plakat-300x169.jpg 300w, https:\/\/keszleragnesdesign.com\/wp-content\/uploads\/2025\/06\/nyari-tabor-kis-fekvo-plakat-1024x576.jpg 1024w, https:\/\/keszleragnesdesign.com\/wp-content\/uploads\/2025\/06\/nyari-tabor-kis-fekvo-plakat-768x432.jpg 768w, https:\/\/keszleragnesdesign.com\/wp-content\/uploads\/2025\/06\/nyari-tabor-kis-fekvo-plakat-1536x864.jpg 1536w, https:\/\/keszleragnesdesign.com\/wp-content\/uploads\/2025\/06\/nyari-tabor-kis-fekvo-plakat-2048x1152.jpg 2048w, https:\/\/keszleragnesdesign.com\/wp-content\/uploads\/2025\/06\/nyari-tabor-kis-fekvo-plakat-1140x641.jpg 1140w\" sizes=\"auto, (max-width: 2560px) 100vw, 2560px\" \/><\/a><\/p>\n<p>&nbsp;<\/p>\n<p>Sok szeretettel v\u00e1rom a gy\u00f6ngy\u00f6t f\u0171zni v\u00e1gy\u00f3 12-18 \u00e9ves gyermekeket ny\u00e1ri t\u00e1boraimba.<\/p>\n<p>A t\u00e1bor idej\u00e9n minden nap 8-16 \u00f3r\u00e1ig biztos\u00edtok sz\u00ednes, v\u00e1ltozatos, sz\u00ednvonalas elfoglalts\u00e1got a gy\u00f6ngy\u00f6k vil\u00e1g\u00e1ba betekinteni, \u00e9s abban elm\u00e9ly\u00fclni k\u00edv\u00e1n\u00f3k sz\u00e1m\u00e1ra. A r\u00e9szvev\u0151kh\u00f6z igaz\u00edtom az elk\u00e9sz\u00edtend\u0151 projekteket, amelyekhez valamennyi alapanyagot (gy\u00f6ngy\u00f6ket, krist\u00e1lyokat, alkatr\u00e9szeket, szersz\u00e1mokat) biztos\u00edtok, tov\u00e1bb\u00e1 minden mint\u00e1hoz nyomtatott sz\u00ednes \u00fatmutat\u00f3t is adok.<\/p>\n<p>Csak egy v\u00e1lt\u00f3cip\u0151re \u00e9s a kreat\u00edv \u00e9nedre van sz\u00fcks\u00e9g, hogy egy remek h\u00e9tnek n\u00e9zhess el\u00e9be!<\/p>\n<p><strong>A projektek:<\/strong> <a href=\"https:\/\/keszleragnesdesign.com\/wp-content\/uploads\/2025\/06\/orosz-karkoto-scaled.jpg\"><img loading=\"lazy\" decoding=\"async\" class=\"wp-image-1797 alignright\" src=\"https:\/\/keszleragnesdesign.com\/wp-content\/uploads\/2025\/06\/orosz-karkoto-scaled.jpg\" alt=\"\" width=\"244\" height=\"125\" srcset=\"https:\/\/keszleragnesdesign.com\/wp-content\/uploads\/2025\/06\/orosz-karkoto-scaled.jpg 2560w, https:\/\/keszleragnesdesign.com\/wp-content\/uploads\/2025\/06\/orosz-karkoto-300x154.jpg 300w, https:\/\/keszleragnesdesign.com\/wp-content\/uploads\/2025\/06\/orosz-karkoto-1024x525.jpg 1024w, https:\/\/keszleragnesdesign.com\/wp-content\/uploads\/2025\/06\/orosz-karkoto-768x393.jpg 768w, https:\/\/keszleragnesdesign.com\/wp-content\/uploads\/2025\/06\/orosz-karkoto-1536x787.jpg 1536w, https:\/\/keszleragnesdesign.com\/wp-content\/uploads\/2025\/06\/orosz-karkoto-2048x1049.jpg 2048w, https:\/\/keszleragnesdesign.com\/wp-content\/uploads\/2025\/06\/orosz-karkoto-1140x584.jpg 1140w\" sizes=\"auto, (max-width: 244px) 100vw, 244px\" \/><\/a><\/p>\n<ul>\n<li><strong>Orosz spir\u00e1l h\u00e1romsz\u00edn\u0171 kark\u00f6t\u0151<\/strong>: A technika elsaj\u00e1t\u00edt\u00e1s\u00e1val b\u00e1rmilyen vid\u00e1m sz\u00edn\u0171 kark\u00f6t\u0151t karperecet, ak\u00e1r nyakl\u00e1ncot is k\u00e9sz\u00edthetsz!<\/li>\n<\/ul>\n<p><a href=\"https:\/\/keszleragnesdesign.com\/wp-content\/uploads\/2025\/06\/bogyo-fulbevalo-scaled.jpg\"><img loading=\"lazy\" decoding=\"async\" class=\"wp-image-1798 alignright\" src=\"https:\/\/keszleragnesdesign.com\/wp-content\/uploads\/2025\/06\/bogyo-fulbevalo-scaled.jpg\" alt=\"\" width=\"128\" height=\"164\" srcset=\"https:\/\/keszleragnesdesign.com\/wp-content\/uploads\/2025\/06\/bogyo-fulbevalo-scaled.jpg 1998w, https:\/\/keszleragnesdesign.com\/wp-content\/uploads\/2025\/06\/bogyo-fulbevalo-234x300.jpg 234w, https:\/\/keszleragnesdesign.com\/wp-content\/uploads\/2025\/06\/bogyo-fulbevalo-799x1024.jpg 799w, https:\/\/keszleragnesdesign.com\/wp-content\/uploads\/2025\/06\/bogyo-fulbevalo-768x984.jpg 768w, https:\/\/keszleragnesdesign.com\/wp-content\/uploads\/2025\/06\/bogyo-fulbevalo-1199x1536.jpg 1199w, https:\/\/keszleragnesdesign.com\/wp-content\/uploads\/2025\/06\/bogyo-fulbevalo-1598x2048.jpg 1598w, https:\/\/keszleragnesdesign.com\/wp-content\/uploads\/2025\/06\/bogyo-fulbevalo-1140x1461.jpg 1140w\" sizes=\"auto, (max-width: 128px) 100vw, 128px\" \/><\/a><\/p>\n<p>&nbsp;<\/p>\n<p>&nbsp;<\/p>\n<ul>\n<li><strong>Bogy\u00f3s f\u00fclbeval\u00f3:\u00a0<\/strong>a k\u00f6rk\u00f6r\u00f6s f\u0171z\u00e9si technik\u00e1t saj\u00e1t\u00edtjuk el, a bogy\u00f3kb\u00f3l f\u00fclbeval\u00f3t, kark\u00f6t\u0151t, nyakl\u00e1ncot is k\u00e9sz\u00edthetsz!<\/li>\n<\/ul>\n<p>&nbsp;<\/p>\n<p><a href=\"https:\/\/keszleragnesdesign.com\/wp-content\/uploads\/2025\/06\/IMG_20250527_192230-1-scaled.jpg\"><img loading=\"lazy\" decoding=\"async\" class=\"wp-image-1800 alignright\" src=\"https:\/\/keszleragnesdesign.com\/wp-content\/uploads\/2025\/06\/IMG_20250527_192230-1-scaled.jpg\" alt=\"\" width=\"154\" height=\"154\" srcset=\"https:\/\/keszleragnesdesign.com\/wp-content\/uploads\/2025\/06\/IMG_20250527_192230-1-scaled.jpg 2560w, https:\/\/keszleragnesdesign.com\/wp-content\/uploads\/2025\/06\/IMG_20250527_192230-1-300x300.jpg 300w, https:\/\/keszleragnesdesign.com\/wp-content\/uploads\/2025\/06\/IMG_20250527_192230-1-1024x1024.jpg 1024w, https:\/\/keszleragnesdesign.com\/wp-content\/uploads\/2025\/06\/IMG_20250527_192230-1-150x150.jpg 150w, https:\/\/keszleragnesdesign.com\/wp-content\/uploads\/2025\/06\/IMG_20250527_192230-1-768x768.jpg 768w, https:\/\/keszleragnesdesign.com\/wp-content\/uploads\/2025\/06\/IMG_20250527_192230-1-1536x1536.jpg 1536w, https:\/\/keszleragnesdesign.com\/wp-content\/uploads\/2025\/06\/IMG_20250527_192230-1-2048x2048.jpg 2048w, https:\/\/keszleragnesdesign.com\/wp-content\/uploads\/2025\/06\/IMG_20250527_192230-1-1140x1140.jpg 1140w, https:\/\/keszleragnesdesign.com\/wp-content\/uploads\/2025\/06\/IMG_20250527_192230-1-75x75.jpg 75w\" sizes=\"auto, (max-width: 154px) 100vw, 154px\" \/><\/a><\/p>\n<p>&nbsp;<\/p>\n<ul>\n<li><strong>F\u0171z\u00f6tt sz\u00edv:<\/strong> a k\u00f6rk\u00f6r\u00f6s f\u0171z\u00e9si technika tov\u00e1bbfejlesztett verzi\u00f3ja, amib\u0151l csod\u00e1latos sz\u00edv form\u00e1l\u00f3dik. Halad\u00f3 projekt!<\/li>\n<\/ul>\n<p>&nbsp;<\/p>\n<p>&nbsp;<\/p>\n<p><img loading=\"lazy\" decoding=\"async\" class=\"wp-image-1801 alignright\" src=\"https:\/\/keszleragnesdesign.com\/wp-content\/uploads\/2025\/06\/tenisz-karkoto-scaled.jpg\" alt=\"\" width=\"232\" height=\"98\" srcset=\"https:\/\/keszleragnesdesign.com\/wp-content\/uploads\/2025\/06\/tenisz-karkoto-scaled.jpg 2560w, https:\/\/keszleragnesdesign.com\/wp-content\/uploads\/2025\/06\/tenisz-karkoto-300x127.jpg 300w, https:\/\/keszleragnesdesign.com\/wp-content\/uploads\/2025\/06\/tenisz-karkoto-1024x433.jpg 1024w, https:\/\/keszleragnesdesign.com\/wp-content\/uploads\/2025\/06\/tenisz-karkoto-768x325.jpg 768w, https:\/\/keszleragnesdesign.com\/wp-content\/uploads\/2025\/06\/tenisz-karkoto-1536x650.jpg 1536w, https:\/\/keszleragnesdesign.com\/wp-content\/uploads\/2025\/06\/tenisz-karkoto-2048x867.jpg 2048w, https:\/\/keszleragnesdesign.com\/wp-content\/uploads\/2025\/06\/tenisz-karkoto-1140x483.jpg 1140w\" sizes=\"auto, (max-width: 232px) 100vw, 232px\" \/><\/p>\n<ul>\n<li><strong>Tenisz kark\u00f6t\u0151:\u00a0<\/strong>a j\u00f3l ismert egyszer\u0171, de eleg\u00e1ns kark\u00f6t\u0151 gy\u00f6ngy\u00f6kb\u0151l, strasszl\u00e1ncb\u00f3l elk\u00e9sz\u00edtett v\u00e1ltozata. RAW (Right Angle Wave) technik\u00e1val k\u00e9sz\u00fcl.<\/li>\n<\/ul>\n<p>&nbsp;<\/p>\n<p><a href=\"https:\/\/keszleragnesdesign.com\/wp-content\/uploads\/2025\/06\/csillogo-kristalyos-fulbevalo-scaled.jpg\"><img loading=\"lazy\" decoding=\"async\" class=\"wp-image-1802 alignright\" src=\"https:\/\/keszleragnesdesign.com\/wp-content\/uploads\/2025\/06\/csillogo-kristalyos-fulbevalo-scaled.jpg\" alt=\"\" width=\"190\" height=\"197\" srcset=\"https:\/\/keszleragnesdesign.com\/wp-content\/uploads\/2025\/06\/csillogo-kristalyos-fulbevalo-scaled.jpg 2463w, https:\/\/keszleragnesdesign.com\/wp-content\/uploads\/2025\/06\/csillogo-kristalyos-fulbevalo-289x300.jpg 289w, https:\/\/keszleragnesdesign.com\/wp-content\/uploads\/2025\/06\/csillogo-kristalyos-fulbevalo-985x1024.jpg 985w, https:\/\/keszleragnesdesign.com\/wp-content\/uploads\/2025\/06\/csillogo-kristalyos-fulbevalo-768x798.jpg 768w, https:\/\/keszleragnesdesign.com\/wp-content\/uploads\/2025\/06\/csillogo-kristalyos-fulbevalo-1478x1536.jpg 1478w, https:\/\/keszleragnesdesign.com\/wp-content\/uploads\/2025\/06\/csillogo-kristalyos-fulbevalo-1970x2048.jpg 1970w, https:\/\/keszleragnesdesign.com\/wp-content\/uploads\/2025\/06\/csillogo-kristalyos-fulbevalo-1140x1185.jpg 1140w\" sizes=\"auto, (max-width: 190px) 100vw, 190px\" \/><\/a><\/p>\n<p>&nbsp;<\/p>\n<ul>\n<li><strong>Csillog\u00f3 csepp f\u00fclbeval\u00f3:<\/strong> a RAW technika ut\u00e1n a CRAW (Cubic Right Angle Wave) technik\u00e1val foglalhatsz be krist\u00e1lyokat, amib\u0151l csoda csillog\u00f3 f\u00fclbeval\u00f3 k\u00e9sz\u00edthet\u0151!<\/li>\n<\/ul>\n<p>&nbsp;<\/p>\n<p>&nbsp;<\/p>\n<p><a href=\"https:\/\/keszleragnesdesign.com\/wp-content\/uploads\/2025\/06\/gyuru-scaled.jpg\"><img loading=\"lazy\" decoding=\"async\" class=\"wp-image-1803 alignright\" src=\"https:\/\/keszleragnesdesign.com\/wp-content\/uploads\/2025\/06\/gyuru-scaled.jpg\" alt=\"\" width=\"161\" height=\"161\" srcset=\"https:\/\/keszleragnesdesign.com\/wp-content\/uploads\/2025\/06\/gyuru-scaled.jpg 2560w, https:\/\/keszleragnesdesign.com\/wp-content\/uploads\/2025\/06\/gyuru-300x300.jpg 300w, https:\/\/keszleragnesdesign.com\/wp-content\/uploads\/2025\/06\/gyuru-1024x1024.jpg 1024w, https:\/\/keszleragnesdesign.com\/wp-content\/uploads\/2025\/06\/gyuru-150x150.jpg 150w, https:\/\/keszleragnesdesign.com\/wp-content\/uploads\/2025\/06\/gyuru-768x768.jpg 768w, https:\/\/keszleragnesdesign.com\/wp-content\/uploads\/2025\/06\/gyuru-1536x1536.jpg 1536w, https:\/\/keszleragnesdesign.com\/wp-content\/uploads\/2025\/06\/gyuru-2048x2048.jpg 2048w, https:\/\/keszleragnesdesign.com\/wp-content\/uploads\/2025\/06\/gyuru-1140x1140.jpg 1140w, https:\/\/keszleragnesdesign.com\/wp-content\/uploads\/2025\/06\/gyuru-75x75.jpg 75w\" sizes=\"auto, (max-width: 161px) 100vw, 161px\" \/><\/a><\/p>\n<ul>\n<li><strong>Peyote gy\u0171r\u0171:<\/strong> a k\u00f6rk\u00f6r\u00f6s peyote technik\u00e1val ismerkedhetsz meg, k\u00f6zben vid\u00e1m sz\u00ednes gy\u0171r\u0171t k\u00e9sz\u00edthetsz!<\/li>\n<\/ul>\n<p>&nbsp;<\/p>\n<p>&nbsp;<\/p>\n<p>&nbsp;<\/p>\n<p><a href=\"https:\/\/keszleragnesdesign.com\/wp-content\/uploads\/2025\/06\/macskak-scaled.jpg\"><img loading=\"lazy\" decoding=\"async\" class=\"wp-image-1804 alignright\" src=\"https:\/\/keszleragnesdesign.com\/wp-content\/uploads\/2025\/06\/macskak-scaled.jpg\" alt=\"\" width=\"163\" height=\"186\" srcset=\"https:\/\/keszleragnesdesign.com\/wp-content\/uploads\/2025\/06\/macskak-scaled.jpg 2253w, https:\/\/keszleragnesdesign.com\/wp-content\/uploads\/2025\/06\/macskak-264x300.jpg 264w, https:\/\/keszleragnesdesign.com\/wp-content\/uploads\/2025\/06\/macskak-901x1024.jpg 901w, https:\/\/keszleragnesdesign.com\/wp-content\/uploads\/2025\/06\/macskak-768x873.jpg 768w, https:\/\/keszleragnesdesign.com\/wp-content\/uploads\/2025\/06\/macskak-1352x1536.jpg 1352w, https:\/\/keszleragnesdesign.com\/wp-content\/uploads\/2025\/06\/macskak-1803x2048.jpg 1803w, https:\/\/keszleragnesdesign.com\/wp-content\/uploads\/2025\/06\/macskak-1140x1295.jpg 1140w\" sizes=\"auto, (max-width: 163px) 100vw, 163px\" \/><\/a><\/p>\n<ul>\n<li><strong>Cica f\u00fclbeval\u00f3:<\/strong> ki ne szeretn\u00e9 a cic\u00e1kat? \u00c9s esetleg a f\u00fcledben is hordan\u00e1d? Peyote technik\u00e1val k\u00e9sz\u00fclt cuki f\u00fclbeval\u00f3, amit ak\u00e1r t\u00f6bbf\u00e9le sz\u00ednben is elk\u00e9sz\u00edthetsz.<\/li>\n<\/ul>\n<p>&nbsp;<\/p>\n<p>&nbsp;<\/p>\n<p>&nbsp;<\/p>\n<p><a href=\"https:\/\/keszleragnesdesign.com\/wp-content\/uploads\/2025\/06\/pillnago-kep.jpg\"><img loading=\"lazy\" decoding=\"async\" class=\"wp-image-1805 alignright\" src=\"https:\/\/keszleragnesdesign.com\/wp-content\/uploads\/2025\/06\/pillnago-kep.jpg\" alt=\"\" width=\"119\" height=\"162\" srcset=\"https:\/\/keszleragnesdesign.com\/wp-content\/uploads\/2025\/06\/pillnago-kep.jpg 1677w, https:\/\/keszleragnesdesign.com\/wp-content\/uploads\/2025\/06\/pillnago-kep-220x300.jpg 220w, https:\/\/keszleragnesdesign.com\/wp-content\/uploads\/2025\/06\/pillnago-kep-751x1024.jpg 751w, https:\/\/keszleragnesdesign.com\/wp-content\/uploads\/2025\/06\/pillnago-kep-768x1047.jpg 768w, https:\/\/keszleragnesdesign.com\/wp-content\/uploads\/2025\/06\/pillnago-kep-1127x1536.jpg 1127w, https:\/\/keszleragnesdesign.com\/wp-content\/uploads\/2025\/06\/pillnago-kep-1502x2048.jpg 1502w, https:\/\/keszleragnesdesign.com\/wp-content\/uploads\/2025\/06\/pillnago-kep-1140x1554.jpg 1140w\" sizes=\"auto, (max-width: 119px) 100vw, 119px\" \/><\/a><\/p>\n<ul>\n<li><strong>Pillang\u00f3 med\u00e1l:\u00a0<\/strong>Peyote technik\u00e1val befoglalt krist\u00e1lyokb\u00f3l \u00f6ssze\u00e1ll\u00edtott pillang\u00f3. Apr\u00f3, ragyog\u00f3, l\u00e9gies, mint a pillang\u00f3k!<\/li>\n<\/ul>\n<p>&nbsp;<\/p>\n<p>&nbsp;<\/p>\n<p>&nbsp;<\/p>\n<p><a href=\"https:\/\/keszleragnesdesign.com\/wp-content\/uploads\/2025\/06\/sziv-bross-scaled.jpg\"><img loading=\"lazy\" decoding=\"async\" class=\"wp-image-1806 alignright\" src=\"https:\/\/keszleragnesdesign.com\/wp-content\/uploads\/2025\/06\/sziv-bross-scaled.jpg\" alt=\"\" width=\"170\" height=\"132\" srcset=\"https:\/\/keszleragnesdesign.com\/wp-content\/uploads\/2025\/06\/sziv-bross-scaled.jpg 2560w, https:\/\/keszleragnesdesign.com\/wp-content\/uploads\/2025\/06\/sziv-bross-300x233.jpg 300w, https:\/\/keszleragnesdesign.com\/wp-content\/uploads\/2025\/06\/sziv-bross-1024x797.jpg 1024w, https:\/\/keszleragnesdesign.com\/wp-content\/uploads\/2025\/06\/sziv-bross-768x597.jpg 768w, https:\/\/keszleragnesdesign.com\/wp-content\/uploads\/2025\/06\/sziv-bross-1536x1195.jpg 1536w, https:\/\/keszleragnesdesign.com\/wp-content\/uploads\/2025\/06\/sziv-bross-2048x1593.jpg 2048w, https:\/\/keszleragnesdesign.com\/wp-content\/uploads\/2025\/06\/sziv-bross-1140x887.jpg 1140w\" sizes=\"auto, (max-width: 170px) 100vw, 170px\" \/><\/a><\/p>\n<ul>\n<li><strong>H\u00edmzett sz\u00edv med\u00e1l:<\/strong> a gy\u00f6ngyh\u00edmz\u00e9s vil\u00e1g\u00e1ba kukkanthatsz be a h\u00edmzett sz\u00edv bross elk\u00e9sz\u00edt\u00e9s\u00e9vel.<\/li>\n<\/ul>\n<p>&nbsp;<\/p>\n<p>&nbsp;<\/p>\n<p>&nbsp;<\/p>\n<p>A fenti mint\u00e1k a modern gy\u00f6ngyf\u0171z\u00e9si, gy\u00f6ngyh\u00edmz\u00e9si technik\u00e1k sz\u00e9les spektrum\u00e1t vonultatj\u00e1k fel, mind a sz\u00ednek, mind a form\u00e1k tekintet\u00e9ben gazdag lehet\u0151s\u00e9get k\u00edn\u00e1lnak az egyedi sz\u00edn\u00f6ssze\u00e1ll\u00edt\u00e1sok, vari\u00e1ci\u00f3k megval\u00f3s\u00edt\u00e1s\u00e1ra. A projekteken kereszt\u00fcl a r\u00e9sztvev\u0151ket arra buzd\u00edtom, hogy b\u00e1tran k\u00eds\u00e9rletezzenek a sz\u00ednekkel, a form\u00e1kkal, hogy tal\u00e1lj\u00e1k meg a st\u00edlusukoz ill\u0151 v\u00e1ltozatokat, amelyeket \u00f6r\u00f6mmel viselnek.<\/p>\n<p><strong>Id\u0151pontok:\u00a0<\/strong><\/p>\n<ul>\n<li>2025. j\u00falius 7 &#8211; 11.<\/li>\n<li>2025. j\u00falius 14-18.<\/li>\n<li>2025. augusztus 4-8.<\/li>\n<\/ul>\n<p><strong>Helysz\u00edn:<\/strong> Szolnok, Ny\u00e1r utca 3.<\/p>\n<p><strong>Telefonsz\u00e1m:<\/strong> 30-6980514<\/p>\n<p><strong>E-mail c\u00edm:<\/strong> info@keszleragnesdesign.com<\/p>\n<p><strong>R\u00e9szv\u00e9tel d\u00edj:<\/strong> 75.000 ft\/h\u00e9t, 15.000 ft\/nap<\/p>\n<p><strong>Az \u00e1r tartalmazza:<\/strong><\/p>\n<ul>\n<li>magas sz\u00ednvonal\u00fa szakmai t\u00e1mogat\u00e1st (hazai, k\u00fclf\u00f6ldi, feln\u0151tt \u00e9s gyermek oktat\u00e1si tapasztalattal);<\/li>\n<li>kiv\u00e1l\u00f3 min\u0151s\u00e9g\u0171 alapanyagok (jap\u00e1n, cseh gy\u00f6ngy\u00f6k, krist\u00e1lyok, f\u00e9m alkatr\u00e9szek);<\/li>\n<li>valamennyi sz\u00fcks\u00e9ges szersz\u00e1mot;<\/li>\n<li>gy\u00f6ngyf\u0171z\u0151 al\u00e1t\u00e9tet, amelyet minden r\u00e9sztvev\u0151 a t\u00e1bor v\u00e9g\u00e9n megkap;<\/li>\n<li>sz\u00ednes nyomtatott mint\u00e1t, \u00fatmutat\u00f3t a projekt elk\u00e9sz\u00edt\u00e9s\u00e9hez;<\/li>\n<li>napi k\u00e9tszeri \u00e9tkez\u00e9st, amelyet a V\u00e1ros\u00fczemeltet\u00e9si Kft. biztos\u00edt;<\/li>\n<li>napi egyszeri fagyiz\u00e1st.<\/li>\n<\/ul>\n<p><strong>Kedvezm\u00e9nyes \u00e1r: <\/strong><\/p>\n<p><strong>Testv\u00e9rkedvezm\u00e9ny, bar\u00e1tn\u0151 kedvezm\u00e9ny:<\/strong><\/p>\n<ul>\n<li>h\u00edvd el testv\u00e9red, bar\u00e1tn\u0151det, \u00e9s ha aj\u00e1nl\u00e1soddal \u0151 is r\u00e9szt vesz a t\u00e1borban, kedvezm\u00e9nyes \u00e1ron vehetsz r\u00e9szt a t\u00e1borban! Az \u00e1r 75.000 ft\/h\u00e9t helyett 60.000 ft\/h\u00e9tre cs\u00f6kken (15.000 ft\/nap helyet 12.000 ft\/nap)!<\/li>\n<\/ul>\n<p><strong>Visszat\u00e9r\u0151 kedvezm\u00e9ny:<\/strong><\/p>\n<ul>\n<li>gyere el t\u00f6bb t\u00e1bor id\u0151pontra, \u00e9s a m\u00e1sodik, harmadik h\u00e9t kedvezm\u00e9nyes \u00e1ron vehet\u0151 ig\u00e9nybe (60.000 ft\/h\u00e9t, 12.000 ft\/nap)!<\/li>\n<\/ul>\n<p><strong>A r\u00e9szv\u00e9tel felt\u00e9tele:\u00a0<\/strong><\/p>\n<ul>\n<li>jelentkez\u00e9si lap kit\u00f6lt\u00e9se (<a href=\"https:\/\/docs.google.com\/forms\/d\/1GbBChTP79RM9fgcEhb23UFAx3gHlctzDFlQov-D57q8\/preview\">Ny\u00e1ri Gy\u00f6ngyf\u0171z\u0151 T\u00e1bor jelentkez\u00e9si lap<\/a>);<\/li>\n<li>r\u00e9szv\u00e9teli d\u00edj befizet\u00e9se a teljes id\u0151szakra vonatkoz\u00f3an;<\/li>\n<li>eg\u00e9szs\u00e9g\u00fcgyi nyilatkozat kit\u00f6lt\u00e9se a t\u00f6rv\u00e9nyes k\u00e9pvisel\u0151 r\u00e9sz\u00e9r\u0151l legk\u00e9s\u0151bb a t\u00e1bor megkezd\u00e9sekor.<\/li>\n<\/ul>\n<p style=\"text-align: center;\"><strong>Gyere el, \u00e9s t\u00f6lts\u00fcnk egy\u00fctt egy vid\u00e1m hetet, alkossunk k\u00f6z\u00f6sen!<\/strong><\/p>\n","protected":false},"excerpt":{"rendered":"<p>&nbsp; Sok szeretettel v\u00e1rom a gy\u00f6ngy\u00f6t f\u0171zni v\u00e1gy\u00f3 12-18 \u00e9ves gyermekeket ny\u00e1ri t\u00e1boraimba. A t\u00e1bor idej\u00e9n minden nap 8-16 \u00f3r\u00e1ig biztos\u00edtok sz\u00ednes, v\u00e1ltozatos, sz\u00ednvonalas elfoglalts\u00e1got a gy\u00f6ngy\u00f6k vil\u00e1g\u00e1ba betekinteni, \u00e9s abban elm\u00e9ly\u00fclni k\u00edv\u00e1n\u00f3k sz\u00e1m\u00e1ra. A r\u00e9szvev\u0151kh\u00f6z igaz\u00edtom az elk\u00e9sz\u00edtend\u0151 projekteket, amelyekhez valamennyi alapanyagot (gy\u00f6ngy\u00f6ket, krist\u00e1lyokat, alkatr\u00e9szeket, szersz\u00e1mokat) biztos\u00edtok, tov\u00e1bb\u00e1 minden mint\u00e1hoz nyomtatott sz\u00ednes \u00fatmutat\u00f3t is adok. Csak egy v\u00e1lt\u00f3cip\u0151re \u00e9s a kreat\u00edv \u00e9nedre van sz\u00fcks\u00e9g, hogy egy remek h\u00e9tnek n\u00e9zhess el\u00e9be! A projektek: Orosz spir\u00e1l h\u00e1romsz\u00edn\u0171 kark\u00f6t\u0151: A technika elsaj\u00e1t\u00edt\u00e1s\u00e1val b\u00e1rmilyen vid\u00e1m sz\u00edn\u0171 kark\u00f6t\u0151t karperecet, ak\u00e1r nyakl\u00e1ncot is k\u00e9sz\u00edthetsz! &nbsp; &nbsp; Bogy\u00f3s f\u00fclbeval\u00f3:\u00a0a k\u00f6rk\u00f6r\u00f6s f\u0171z\u00e9si technik\u00e1t saj\u00e1t\u00edtjuk el, a bogy\u00f3kb\u00f3l f\u00fclbeval\u00f3t, kark\u00f6t\u0151t, nyakl\u00e1ncot is k\u00e9sz\u00edthetsz! &nbsp; &nbsp; F\u0171z\u00f6tt sz\u00edv: a k\u00f6rk\u00f6r\u00f6s f\u0171z\u00e9si technika tov\u00e1bbfejlesztett verzi\u00f3ja, amib\u0151l csod\u00e1latos sz\u00edv form\u00e1l\u00f3dik. Halad\u00f3 projekt! &nbsp; &nbsp; Tenisz kark\u00f6t\u0151:\u00a0a j\u00f3l ismert egyszer\u0171, de eleg\u00e1ns kark\u00f6t\u0151 gy\u00f6ngy\u00f6kb\u0151l, strasszl\u00e1ncb\u00f3l elk\u00e9sz\u00edtett v\u00e1ltozata. RAW (Right Angle Wave) technik\u00e1val k\u00e9sz\u00fcl. &nbsp; &nbsp; Csillog\u00f3 csepp f\u00fclbeval\u00f3: a RAW technika ut\u00e1n a CRAW (Cubic Right Angle Wave) technik\u00e1val foglalhatsz be krist\u00e1lyokat, amib\u0151l csoda csillog\u00f3 f\u00fclbeval\u00f3 k\u00e9sz\u00edthet\u0151! &nbsp; &nbsp; Peyote gy\u0171r\u0171: a k\u00f6rk\u00f6r\u00f6s peyote technik\u00e1val ismerkedhetsz meg, k\u00f6zben vid\u00e1m sz\u00ednes gy\u0171r\u0171t k\u00e9sz\u00edthetsz! &nbsp; &nbsp; &nbsp; Cica f\u00fclbeval\u00f3: ki ne szeretn\u00e9 a cic\u00e1kat? \u00c9s esetleg a f\u00fcledben is hordan\u00e1d? Peyote technik\u00e1val k\u00e9sz\u00fclt cuki f\u00fclbeval\u00f3, amit ak\u00e1r t\u00f6bbf\u00e9le sz\u00ednben is elk\u00e9sz\u00edthetsz. &nbsp; &nbsp; &nbsp; Pillang\u00f3 med\u00e1l:\u00a0Peyote technik\u00e1val befoglalt krist\u00e1lyokb\u00f3l \u00f6ssze\u00e1ll\u00edtott pillang\u00f3. Apr\u00f3, ragyog\u00f3, l\u00e9gies, mint a pillang\u00f3k! &nbsp; &nbsp; &nbsp; H\u00edmzett sz\u00edv med\u00e1l: a gy\u00f6ngyh\u00edmz\u00e9s vil\u00e1g\u00e1ba kukkanthatsz be a h\u00edmzett sz\u00edv bross elk\u00e9sz\u00edt\u00e9s\u00e9vel. &nbsp; &nbsp; &nbsp; A fenti mint\u00e1k a modern gy\u00f6ngyf\u0171z\u00e9si, gy\u00f6ngyh\u00edmz\u00e9si technik\u00e1k sz\u00e9les spektrum\u00e1t vonultatj\u00e1k fel, mind a sz\u00ednek, mind a form\u00e1k tekintet\u00e9ben gazdag lehet\u0151s\u00e9get k\u00edn\u00e1lnak az egyedi sz\u00edn\u00f6ssze\u00e1ll\u00edt\u00e1sok, vari\u00e1ci\u00f3k megval\u00f3s\u00edt\u00e1s\u00e1ra. A projekteken kereszt\u00fcl a r\u00e9sztvev\u0151ket arra buzd\u00edtom, hogy b\u00e1tran k\u00eds\u00e9rletezzenek a sz\u00ednekkel, a form\u00e1kkal, hogy tal\u00e1lj\u00e1k meg a st\u00edlusukoz ill\u0151 v\u00e1ltozatokat, amelyeket \u00f6r\u00f6mmel viselnek. Id\u0151pontok:\u00a0 2025. j\u00falius 7 &#8211; 11. 2025. j\u00falius 14-18. 2025. augusztus 4-8. Helysz\u00edn: Szolnok, Ny\u00e1r utca 3. Telefonsz\u00e1m: 30-6980514 E-mail c\u00edm: info@keszleragnesdesign.com R\u00e9szv\u00e9tel d\u00edj: 75.000 ft\/h\u00e9t, 15.000 ft\/nap Az \u00e1r tartalmazza: magas sz\u00ednvonal\u00fa szakmai t\u00e1mogat\u00e1st (hazai, k\u00fclf\u00f6ldi, feln\u0151tt \u00e9s gyermek oktat\u00e1si tapasztalattal); kiv\u00e1l\u00f3 min\u0151s\u00e9g\u0171 alapanyagok (jap\u00e1n, cseh gy\u00f6ngy\u00f6k, krist\u00e1lyok, f\u00e9m alkatr\u00e9szek); valamennyi sz\u00fcks\u00e9ges szersz\u00e1mot; gy\u00f6ngyf\u0171z\u0151 al\u00e1t\u00e9tet, amelyet minden r\u00e9sztvev\u0151 a t\u00e1bor v\u00e9g\u00e9n megkap; sz\u00ednes nyomtatott mint\u00e1t, \u00fatmutat\u00f3t a projekt elk\u00e9sz\u00edt\u00e9s\u00e9hez; napi k\u00e9tszeri \u00e9tkez\u00e9st, amelyet a V\u00e1ros\u00fczemeltet\u00e9si Kft. biztos\u00edt; napi egyszeri fagyiz\u00e1st. Kedvezm\u00e9nyes \u00e1r: Testv\u00e9rkedvezm\u00e9ny, bar\u00e1tn\u0151 kedvezm\u00e9ny: h\u00edvd el testv\u00e9red, bar\u00e1tn\u0151det, \u00e9s ha aj\u00e1nl\u00e1soddal \u0151 is r\u00e9szt vesz a t\u00e1borban, kedvezm\u00e9nyes \u00e1ron vehetsz r\u00e9szt a t\u00e1borban! Az \u00e1r 75.000 ft\/h\u00e9t helyett 60.000 ft\/h\u00e9tre cs\u00f6kken (15.000 ft\/nap helyet 12.000 ft\/nap)! Visszat\u00e9r\u0151 kedvezm\u00e9ny: gyere el t\u00f6bb t\u00e1bor id\u0151pontra, \u00e9s a m\u00e1sodik, harmadik h\u00e9t kedvezm\u00e9nyes \u00e1ron vehet\u0151 ig\u00e9nybe (60.000 ft\/h\u00e9t, 12.000 ft\/nap)! A r\u00e9szv\u00e9tel felt\u00e9tele:\u00a0 jelentkez\u00e9si lap kit\u00f6lt\u00e9se (Ny\u00e1ri Gy\u00f6ngyf\u0171z\u0151 T\u00e1bor jelentkez\u00e9si lap); r\u00e9szv\u00e9teli d\u00edj befizet\u00e9se a teljes id\u0151szakra vonatkoz\u00f3an; eg\u00e9szs\u00e9g\u00fcgyi nyilatkozat kit\u00f6lt\u00e9se a t\u00f6rv\u00e9nyes k\u00e9pvisel\u0151 r\u00e9sz\u00e9r\u0151l legk\u00e9s\u0151bb a t\u00e1bor megkezd\u00e9sekor. Gyere el, \u00e9s t\u00f6lts\u00fcnk egy\u00fctt egy vid\u00e1m hetet, alkossunk k\u00f6z\u00f6sen!<\/p>\n","protected":false},"author":1,"featured_media":0,"parent":0,"menu_order":0,"comment_status":"closed","ping_status":"closed","template":"","meta":{"footnotes":""},"class_list":["post-1795","page","type-page","status-publish","hentry"],"jetpack_sharing_enabled":true,"_links":{"self":[{"href":"https:\/\/keszleragnesdesign.com\/index.php\/wp-json\/wp\/v2\/pages\/1795","targetHints":{"allow":["GET"]}}],"collection":[{"href":"https:\/\/keszleragnesdesign.com\/index.php\/wp-json\/wp\/v2\/pages"}],"about":[{"href":"https:\/\/keszleragnesdesign.com\/index.php\/wp-json\/wp\/v2\/types\/page"}],"author":[{"embeddable":true,"href":"https:\/\/keszleragnesdesign.com\/index.php\/wp-json\/wp\/v2\/users\/1"}],"replies":[{"embeddable":true,"href":"https:\/\/keszleragnesdesign.com\/index.php\/wp-json\/wp\/v2\/comments?post=1795"}],"version-history":[{"count":4,"href":"https:\/\/keszleragnesdesign.com\/index.php\/wp-json\/wp\/v2\/pages\/1795\/revisions"}],"predecessor-version":[{"id":1811,"href":"https:\/\/keszleragnesdesign.com\/index.php\/wp-json\/wp\/v2\/pages\/1795\/revisions\/1811"}],"wp:attachment":[{"href":"https:\/\/keszleragnesdesign.com\/index.php\/wp-json\/wp\/v2\/media?parent=1795"}],"curies":[{"name":"wp","href":"https:\/\/api.w.org\/{rel}","templated":true}]}}