{"id":2,"date":"2022-03-22T12:22:28","date_gmt":"2022-03-22T12:22:28","guid":{"rendered":"https:\/\/keszleragnesdesign.com\/?page_id=2"},"modified":"2024-05-11T14:31:59","modified_gmt":"2024-05-11T14:31:59","slug":"ekszerek","status":"publish","type":"page","link":"https:\/\/keszleragnesdesign.com\/index.php\/ekszerek\/","title":{"rendered":"\u00c9kszerek"},"content":{"rendered":"\r\n<h3 style=\"text-align: center;\">K\u00e9zzel k\u00e9sz\u00edtett, egyedi \u00e9kszerek<\/h3>\r\n<figure id=\"attachment_1635\" aria-describedby=\"caption-attachment-1635\" style=\"width: 1302px\" class=\"wp-caption aligncenter\"><a href=\"https:\/\/keszleragnesdesign.com\/wp-content\/uploads\/2024\/05\/IMG_20230329_162145.jpg\"><img loading=\"lazy\" decoding=\"async\" class=\"size-full wp-image-1635\" src=\"https:\/\/keszleragnesdesign.com\/wp-content\/uploads\/2024\/05\/IMG_20230329_162145.jpg\" alt=\"\" width=\"1302\" height=\"1254\" srcset=\"https:\/\/keszleragnesdesign.com\/wp-content\/uploads\/2024\/05\/IMG_20230329_162145.jpg 1302w, https:\/\/keszleragnesdesign.com\/wp-content\/uploads\/2024\/05\/IMG_20230329_162145-300x289.jpg 300w, https:\/\/keszleragnesdesign.com\/wp-content\/uploads\/2024\/05\/IMG_20230329_162145-1024x986.jpg 1024w, https:\/\/keszleragnesdesign.com\/wp-content\/uploads\/2024\/05\/IMG_20230329_162145-768x740.jpg 768w, https:\/\/keszleragnesdesign.com\/wp-content\/uploads\/2024\/05\/IMG_20230329_162145-1140x1098.jpg 1140w\" sizes=\"auto, (max-width: 1302px) 100vw, 1302px\" \/><\/a><figcaption id=\"caption-attachment-1635\" class=\"wp-caption-text\">\u00c9kszereimet gy\u00f6ngyf\u0171z\u00e9si, gy\u00f6ngyh\u00edmz\u00e9si technik\u00e1val k\u00e9sz\u00edtem, szenved\u00e9llyel. Az oldalamon betekint\u00e9st nyerhetnek a kor\u00e1bban k\u00e9sz\u00edtett, v\u00e1laszthat\u00f3 \u00e9s rendelhet\u0151 \u00e9kszereimbe.<\/figcaption><\/figure>\r\n<p>B\u00e1rmilyen k\u00e9rd\u00e9s, k\u00e9r\u00e9s eset\u00e9n keressenek bizalommal el\u00e9rhet\u0151s\u00e9geimen.\u00a0<\/p>\r\n<p>+3630-6980514<\/p>\r\n<p>info@keszleragnesdesign.com<\/p>\r\n<p>&nbsp;<\/p>\r\n","protected":false},"excerpt":{"rendered":"<p>K\u00e9zzel k\u00e9sz\u00edtett, egyedi \u00e9kszerek B\u00e1rmilyen k\u00e9rd\u00e9s, k\u00e9r\u00e9s eset\u00e9n keressenek bizalommal el\u00e9rhet\u0151s\u00e9geimen.\u00a0 +3630-6980514 info@keszleragnesdesign.com &nbsp;<\/p>\n","protected":false},"author":1,"featured_media":0,"parent":0,"menu_order":0,"comment_status":"closed","ping_status":"closed","template":"","meta":{"footnotes":""},"class_list":["post-2","page","type-page","status-publish","hentry"],"jetpack_sharing_enabled":true,"_links":{"self":[{"href":"https:\/\/keszleragnesdesign.com\/index.php\/wp-json\/wp\/v2\/pages\/2","targetHints":{"allow":["GET"]}}],"collection":[{"href":"https:\/\/keszleragnesdesign.com\/index.php\/wp-json\/wp\/v2\/pages"}],"about":[{"href":"https:\/\/keszleragnesdesign.com\/index.php\/wp-json\/wp\/v2\/types\/page"}],"author":[{"embeddable":true,"href":"https:\/\/keszleragnesdesign.com\/index.php\/wp-json\/wp\/v2\/users\/1"}],"replies":[{"embeddable":true,"href":"https:\/\/keszleragnesdesign.com\/index.php\/wp-json\/wp\/v2\/comments?post=2"}],"version-history":[{"count":20,"href":"https:\/\/keszleragnesdesign.com\/index.php\/wp-json\/wp\/v2\/pages\/2\/revisions"}],"predecessor-version":[{"id":1636,"href":"https:\/\/keszleragnesdesign.com\/index.php\/wp-json\/wp\/v2\/pages\/2\/revisions\/1636"}],"wp:attachment":[{"href":"https:\/\/keszleragnesdesign.com\/index.php\/wp-json\/wp\/v2\/media?parent=2"}],"curies":[{"name":"wp","href":"https:\/\/api.w.org\/{rel}","templated":true}]}}