{"id":385,"date":"2022-04-29T09:46:43","date_gmt":"2022-04-29T09:46:43","guid":{"rendered":"https:\/\/keszleragnesdesign.com\/?page_id=385"},"modified":"2025-09-02T09:29:18","modified_gmt":"2025-09-02T09:29:18","slug":"karperecek","status":"publish","type":"page","link":"https:\/\/keszleragnesdesign.com\/index.php\/ekszerek\/karperecek\/","title":{"rendered":"Karperecek"},"content":{"rendered":"<figure id=\"attachment_1274\" aria-describedby=\"caption-attachment-1274\" style=\"width: 2560px\" class=\"wp-caption aligncenter\"><a href=\"https:\/\/keszleragnesdesign.com\/wp-content\/uploads\/2023\/05\/IMG_20230504_095543-scaled.jpg\"><img loading=\"lazy\" decoding=\"async\" class=\"wp-image-1274 size-full\" src=\"https:\/\/keszleragnesdesign.com\/wp-content\/uploads\/2023\/05\/IMG_20230504_095543-scaled.jpg\" alt=\"\" width=\"2560\" height=\"1864\" srcset=\"https:\/\/keszleragnesdesign.com\/wp-content\/uploads\/2023\/05\/IMG_20230504_095543-scaled.jpg 2560w, https:\/\/keszleragnesdesign.com\/wp-content\/uploads\/2023\/05\/IMG_20230504_095543-300x218.jpg 300w, https:\/\/keszleragnesdesign.com\/wp-content\/uploads\/2023\/05\/IMG_20230504_095543-1024x746.jpg 1024w, https:\/\/keszleragnesdesign.com\/wp-content\/uploads\/2023\/05\/IMG_20230504_095543-768x559.jpg 768w, https:\/\/keszleragnesdesign.com\/wp-content\/uploads\/2023\/05\/IMG_20230504_095543-1536x1118.jpg 1536w, https:\/\/keszleragnesdesign.com\/wp-content\/uploads\/2023\/05\/IMG_20230504_095543-2048x1491.jpg 2048w, https:\/\/keszleragnesdesign.com\/wp-content\/uploads\/2023\/05\/IMG_20230504_095543-1140x830.jpg 1140w\" sizes=\"auto, (max-width: 2560px) 100vw, 2560px\" \/><\/a><figcaption id=\"caption-attachment-1274\" class=\"wp-caption-text\">Egyiptomi st\u00edlus\u00fa karperec, lapis lazulit skarabeusszal, bronz Bastet istenn\u0151 med\u00e1lokkal. K\u00e9szleten l\u00e9v\u0151 \u00e9kszer.<\/figcaption><\/figure>\n<figure id=\"attachment_1505\" aria-describedby=\"caption-attachment-1505\" style=\"width: 1462px\" class=\"wp-caption aligncenter\"><a href=\"https:\/\/keszleragnesdesign.com\/wp-content\/uploads\/2024\/01\/IMG_20221031_163228-1.jpg\"><img loading=\"lazy\" decoding=\"async\" class=\"size-full wp-image-1505\" src=\"https:\/\/keszleragnesdesign.com\/wp-content\/uploads\/2024\/01\/IMG_20221031_163228-1.jpg\" alt=\"\" width=\"1462\" height=\"1869\" srcset=\"https:\/\/keszleragnesdesign.com\/wp-content\/uploads\/2024\/01\/IMG_20221031_163228-1.jpg 1462w, https:\/\/keszleragnesdesign.com\/wp-content\/uploads\/2024\/01\/IMG_20221031_163228-1-235x300.jpg 235w, https:\/\/keszleragnesdesign.com\/wp-content\/uploads\/2024\/01\/IMG_20221031_163228-1-801x1024.jpg 801w, https:\/\/keszleragnesdesign.com\/wp-content\/uploads\/2024\/01\/IMG_20221031_163228-1-768x982.jpg 768w, https:\/\/keszleragnesdesign.com\/wp-content\/uploads\/2024\/01\/IMG_20221031_163228-1-1202x1536.jpg 1202w, https:\/\/keszleragnesdesign.com\/wp-content\/uploads\/2024\/01\/IMG_20221031_163228-1-1140x1457.jpg 1140w\" sizes=\"auto, (max-width: 1462px) 100vw, 1462px\" \/><\/a><figcaption id=\"caption-attachment-1505\" class=\"wp-caption-text\">H\u00f3feh\u00e9r krist\u00e1lyos, tekla gy\u00f6ngy\u00f6s karperec. Elkelt, rendelhet\u0151, hozz\u00e1 ill\u0151 nyak\u00e9k kaphat\u00f3.<\/figcaption><\/figure>\n<figure id=\"attachment_1495\" aria-describedby=\"caption-attachment-1495\" style=\"width: 2560px\" class=\"wp-caption aligncenter\"><a href=\"https:\/\/keszleragnesdesign.com\/wp-content\/uploads\/2024\/01\/IMG_20231031_073309-scaled.jpg\"><img loading=\"lazy\" decoding=\"async\" class=\"wp-image-1495 size-full\" src=\"https:\/\/keszleragnesdesign.com\/wp-content\/uploads\/2024\/01\/IMG_20231031_073309-scaled.jpg\" alt=\"\" width=\"2560\" height=\"1974\" srcset=\"https:\/\/keszleragnesdesign.com\/wp-content\/uploads\/2024\/01\/IMG_20231031_073309-scaled.jpg 2560w, https:\/\/keszleragnesdesign.com\/wp-content\/uploads\/2024\/01\/IMG_20231031_073309-300x231.jpg 300w, https:\/\/keszleragnesdesign.com\/wp-content\/uploads\/2024\/01\/IMG_20231031_073309-1024x789.jpg 1024w, https:\/\/keszleragnesdesign.com\/wp-content\/uploads\/2024\/01\/IMG_20231031_073309-768x592.jpg 768w, https:\/\/keszleragnesdesign.com\/wp-content\/uploads\/2024\/01\/IMG_20231031_073309-1536x1184.jpg 1536w, https:\/\/keszleragnesdesign.com\/wp-content\/uploads\/2024\/01\/IMG_20231031_073309-2048x1579.jpg 2048w, https:\/\/keszleragnesdesign.com\/wp-content\/uploads\/2024\/01\/IMG_20231031_073309-1140x879.jpg 1140w\" sizes=\"auto, (max-width: 2560px) 100vw, 2560px\" \/><\/a><figcaption id=\"caption-attachment-1495\" class=\"wp-caption-text\">Kalocsai st\u00edlus\u00fa karperec, eredeti kalocsai vir\u00e1gokkal, kalocsai sz\u00ednekben. H\u00e1tulja puha piros b\u0151rrel fedve. Elket, rendelhet\u0151.<\/figcaption><\/figure>\n<p><a href=\"https:\/\/keszleragnesdesign.com\/wp-content\/uploads\/2025\/09\/IMG_20250709_131425_1-1-scaled.jpg\"><img loading=\"lazy\" decoding=\"async\" class=\"aligncenter size-full wp-image-1929\" src=\"https:\/\/keszleragnesdesign.com\/wp-content\/uploads\/2025\/09\/IMG_20250709_131425_1-1-scaled.jpg\" alt=\"\" width=\"2560\" height=\"2138\" srcset=\"https:\/\/keszleragnesdesign.com\/wp-content\/uploads\/2025\/09\/IMG_20250709_131425_1-1-scaled.jpg 2560w, https:\/\/keszleragnesdesign.com\/wp-content\/uploads\/2025\/09\/IMG_20250709_131425_1-1-300x250.jpg 300w, https:\/\/keszleragnesdesign.com\/wp-content\/uploads\/2025\/09\/IMG_20250709_131425_1-1-1024x855.jpg 1024w, https:\/\/keszleragnesdesign.com\/wp-content\/uploads\/2025\/09\/IMG_20250709_131425_1-1-768x641.jpg 768w, https:\/\/keszleragnesdesign.com\/wp-content\/uploads\/2025\/09\/IMG_20250709_131425_1-1-1536x1283.jpg 1536w, https:\/\/keszleragnesdesign.com\/wp-content\/uploads\/2025\/09\/IMG_20250709_131425_1-1-2048x1710.jpg 2048w, https:\/\/keszleragnesdesign.com\/wp-content\/uploads\/2025\/09\/IMG_20250709_131425_1-1-1140x952.jpg 1140w\" sizes=\"auto, (max-width: 2560px) 100vw, 2560px\" \/><\/a><\/p>\n<p>Art deco stylus\u00fa karperecs labradorit kabosonnal, cseh \u00e9s jap\u00e1n gy\u00f6ngy\u00f6kkel h\u00edmezve. K\u00e9szleten l\u00e9v\u0151 \u00e9kszer.<\/p>\n<figure id=\"attachment_1492\" aria-describedby=\"caption-attachment-1492\" style=\"width: 1836px\" class=\"wp-caption aligncenter\"><a href=\"https:\/\/keszleragnesdesign.com\/wp-content\/uploads\/2024\/01\/IMG_20230515_093226_1-scaled.jpg\"><img loading=\"lazy\" decoding=\"async\" class=\"wp-image-1492 size-full\" src=\"https:\/\/keszleragnesdesign.com\/wp-content\/uploads\/2024\/01\/IMG_20230515_093226_1-scaled.jpg\" alt=\"\" width=\"1836\" height=\"2560\" srcset=\"https:\/\/keszleragnesdesign.com\/wp-content\/uploads\/2024\/01\/IMG_20230515_093226_1-scaled.jpg 1836w, https:\/\/keszleragnesdesign.com\/wp-content\/uploads\/2024\/01\/IMG_20230515_093226_1-215x300.jpg 215w, https:\/\/keszleragnesdesign.com\/wp-content\/uploads\/2024\/01\/IMG_20230515_093226_1-734x1024.jpg 734w, https:\/\/keszleragnesdesign.com\/wp-content\/uploads\/2024\/01\/IMG_20230515_093226_1-768x1071.jpg 768w, https:\/\/keszleragnesdesign.com\/wp-content\/uploads\/2024\/01\/IMG_20230515_093226_1-1102x1536.jpg 1102w, https:\/\/keszleragnesdesign.com\/wp-content\/uploads\/2024\/01\/IMG_20230515_093226_1-1469x2048.jpg 1469w, https:\/\/keszleragnesdesign.com\/wp-content\/uploads\/2024\/01\/IMG_20230515_093226_1-1140x1590.jpg 1140w\" sizes=\"auto, (max-width: 1836px) 100vw, 1836px\" \/><\/a><figcaption id=\"caption-attachment-1492\" class=\"wp-caption-text\">P\u00fader sz\u00edn\u0171 tekla gy\u00f6ngy\u00f6kkel h\u00edmzett karperec. Ig\u00e9ny szerinti sz\u00edn\u00f6ssze\u00e1ll\u00edt\u00e1sban k\u00e9rhet\u0151.<\/figcaption><\/figure>\n<figure id=\"attachment_1493\" aria-describedby=\"caption-attachment-1493\" style=\"width: 1770px\" class=\"wp-caption aligncenter\"><a href=\"https:\/\/keszleragnesdesign.com\/wp-content\/uploads\/2024\/01\/IMG_20211211_101710_1-scaled.jpg\"><img loading=\"lazy\" decoding=\"async\" class=\"wp-image-1493 size-full\" src=\"https:\/\/keszleragnesdesign.com\/wp-content\/uploads\/2024\/01\/IMG_20211211_101710_1-scaled.jpg\" alt=\"\" width=\"1770\" height=\"2560\" srcset=\"https:\/\/keszleragnesdesign.com\/wp-content\/uploads\/2024\/01\/IMG_20211211_101710_1-scaled.jpg 1770w, https:\/\/keszleragnesdesign.com\/wp-content\/uploads\/2024\/01\/IMG_20211211_101710_1-207x300.jpg 207w, https:\/\/keszleragnesdesign.com\/wp-content\/uploads\/2024\/01\/IMG_20211211_101710_1-708x1024.jpg 708w, https:\/\/keszleragnesdesign.com\/wp-content\/uploads\/2024\/01\/IMG_20211211_101710_1-768x1111.jpg 768w, https:\/\/keszleragnesdesign.com\/wp-content\/uploads\/2024\/01\/IMG_20211211_101710_1-1062x1536.jpg 1062w, https:\/\/keszleragnesdesign.com\/wp-content\/uploads\/2024\/01\/IMG_20211211_101710_1-1416x2048.jpg 1416w, https:\/\/keszleragnesdesign.com\/wp-content\/uploads\/2024\/01\/IMG_20211211_101710_1-1140x1649.jpg 1140w\" sizes=\"auto, (max-width: 1770px) 100vw, 1770px\" \/><\/a><figcaption id=\"caption-attachment-1493\" class=\"wp-caption-text\">Obszidi\u00e1n csiszolatos karperec has\u00edtott b\u0151rre dolgozva, strasszl\u00e1ncokkal d\u00edsz\u00edtve. K\u00e9szleten l\u00e9v\u0151 \u00e9kszer, hozz\u00e1 ill\u0151 nyak\u00e9k, f\u00fclbeval\u00f3 \u00e9s gy\u0171r\u0171 is kaphat\u00f3.<\/figcaption><\/figure>\n<p><a href=\"https:\/\/keszleragnesdesign.com\/wp-content\/uploads\/2025\/09\/Screenshot_20241108_124621_edit_816282405782829.jpg\"><img loading=\"lazy\" decoding=\"async\" class=\"aligncenter size-full wp-image-1931\" src=\"https:\/\/keszleragnesdesign.com\/wp-content\/uploads\/2025\/09\/Screenshot_20241108_124621_edit_816282405782829.jpg\" alt=\"\" width=\"1079\" height=\"724\" srcset=\"https:\/\/keszleragnesdesign.com\/wp-content\/uploads\/2025\/09\/Screenshot_20241108_124621_edit_816282405782829.jpg 1079w, https:\/\/keszleragnesdesign.com\/wp-content\/uploads\/2025\/09\/Screenshot_20241108_124621_edit_816282405782829-300x201.jpg 300w, https:\/\/keszleragnesdesign.com\/wp-content\/uploads\/2025\/09\/Screenshot_20241108_124621_edit_816282405782829-1024x687.jpg 1024w, https:\/\/keszleragnesdesign.com\/wp-content\/uploads\/2025\/09\/Screenshot_20241108_124621_edit_816282405782829-768x515.jpg 768w\" sizes=\"auto, (max-width: 1079px) 100vw, 1079px\" \/><\/a><\/p>\n<p>H\u00edmzett karperec, brok\u00e1t hat\u00e1s\u00fa szalagra dolgozva, krist\u00e1llyal, strasszl\u00e1nccal, cseh formagy\u00f6ngy\u00f6kkel.<\/p>\n<figure id=\"attachment_1144\" aria-describedby=\"caption-attachment-1144\" style=\"width: 1648px\" class=\"wp-caption aligncenter\"><a href=\"https:\/\/keszleragnesdesign.com\/wp-content\/uploads\/2022\/10\/IMG_20221010_105844.jpg\"><img loading=\"lazy\" decoding=\"async\" class=\"size-full wp-image-1144\" src=\"https:\/\/keszleragnesdesign.com\/wp-content\/uploads\/2022\/10\/IMG_20221010_105844.jpg\" alt=\"\" width=\"1648\" height=\"1876\" srcset=\"https:\/\/keszleragnesdesign.com\/wp-content\/uploads\/2022\/10\/IMG_20221010_105844.jpg 1648w, https:\/\/keszleragnesdesign.com\/wp-content\/uploads\/2022\/10\/IMG_20221010_105844-264x300.jpg 264w, https:\/\/keszleragnesdesign.com\/wp-content\/uploads\/2022\/10\/IMG_20221010_105844-900x1024.jpg 900w, https:\/\/keszleragnesdesign.com\/wp-content\/uploads\/2022\/10\/IMG_20221010_105844-768x874.jpg 768w, https:\/\/keszleragnesdesign.com\/wp-content\/uploads\/2022\/10\/IMG_20221010_105844-1349x1536.jpg 1349w, https:\/\/keszleragnesdesign.com\/wp-content\/uploads\/2022\/10\/IMG_20221010_105844-1140x1298.jpg 1140w\" sizes=\"auto, (max-width: 1648px) 100vw, 1648px\" \/><\/a><figcaption id=\"caption-attachment-1144\" class=\"wp-caption-text\">H\u00edmzett karperec k\u00e9t p\u00e1vatollal d\u00edsz\u00edtve. A Sz\u00e9pm\u0171v\u00e9szeti M\u00fazeum Shopj\u00e1ban elkelt, ig\u00e9ny eset\u00e9n rendelhet\u0151.<\/figcaption><\/figure>\n<p><a href=\"https:\/\/keszleragnesdesign.com\/wp-content\/uploads\/2025\/09\/Screenshot_20241108_124544_edit_816307818669017.jpg\"><img loading=\"lazy\" decoding=\"async\" class=\"aligncenter size-full wp-image-1934\" src=\"https:\/\/keszleragnesdesign.com\/wp-content\/uploads\/2025\/09\/Screenshot_20241108_124544_edit_816307818669017.jpg\" alt=\"\" width=\"1079\" height=\"1077\" srcset=\"https:\/\/keszleragnesdesign.com\/wp-content\/uploads\/2025\/09\/Screenshot_20241108_124544_edit_816307818669017.jpg 1079w, https:\/\/keszleragnesdesign.com\/wp-content\/uploads\/2025\/09\/Screenshot_20241108_124544_edit_816307818669017-300x300.jpg 300w, https:\/\/keszleragnesdesign.com\/wp-content\/uploads\/2025\/09\/Screenshot_20241108_124544_edit_816307818669017-1024x1022.jpg 1024w, https:\/\/keszleragnesdesign.com\/wp-content\/uploads\/2025\/09\/Screenshot_20241108_124544_edit_816307818669017-150x150.jpg 150w, https:\/\/keszleragnesdesign.com\/wp-content\/uploads\/2025\/09\/Screenshot_20241108_124544_edit_816307818669017-768x767.jpg 768w, https:\/\/keszleragnesdesign.com\/wp-content\/uploads\/2025\/09\/Screenshot_20241108_124544_edit_816307818669017-75x75.jpg 75w\" sizes=\"auto, (max-width: 1079px) 100vw, 1079px\" \/><\/a><\/p>\n<p>Lila-p\u00e1vak\u00e9k karperec, a hozz\u00e1 ill\u0151 t\u00e1sk\u00e1hoz meg\u00e1lmodva, annak mot\u00edvumaival d\u00edsz\u00edtve. K\u00e9szleten.<\/p>\n<p><a href=\"https:\/\/keszleragnesdesign.com\/wp-content\/uploads\/2025\/09\/Shibori-karperec-2.jpg\"><img loading=\"lazy\" decoding=\"async\" class=\"aligncenter size-full wp-image-1935\" src=\"https:\/\/keszleragnesdesign.com\/wp-content\/uploads\/2025\/09\/Shibori-karperec-2.jpg\" alt=\"\" width=\"2390\" height=\"2390\" srcset=\"https:\/\/keszleragnesdesign.com\/wp-content\/uploads\/2025\/09\/Shibori-karperec-2.jpg 2390w, https:\/\/keszleragnesdesign.com\/wp-content\/uploads\/2025\/09\/Shibori-karperec-2-300x300.jpg 300w, https:\/\/keszleragnesdesign.com\/wp-content\/uploads\/2025\/09\/Shibori-karperec-2-1024x1024.jpg 1024w, https:\/\/keszleragnesdesign.com\/wp-content\/uploads\/2025\/09\/Shibori-karperec-2-150x150.jpg 150w, https:\/\/keszleragnesdesign.com\/wp-content\/uploads\/2025\/09\/Shibori-karperec-2-768x768.jpg 768w, https:\/\/keszleragnesdesign.com\/wp-content\/uploads\/2025\/09\/Shibori-karperec-2-1536x1536.jpg 1536w, https:\/\/keszleragnesdesign.com\/wp-content\/uploads\/2025\/09\/Shibori-karperec-2-2048x2048.jpg 2048w, https:\/\/keszleragnesdesign.com\/wp-content\/uploads\/2025\/09\/Shibori-karperec-2-1140x1140.jpg 1140w, https:\/\/keszleragnesdesign.com\/wp-content\/uploads\/2025\/09\/Shibori-karperec-2-75x75.jpg 75w\" sizes=\"auto, (max-width: 2390px) 100vw, 2390px\" \/><\/a><\/p>\n<p>Shibori selyem karperec, \u00fcled\u00e9kes j\u00e1spis k\u0151vel a k\u00f6zep\u00e9n. K\u00e9szleten.<\/p>\n<p><a href=\"https:\/\/keszleragnesdesign.com\/wp-content\/uploads\/2025\/09\/IMG_20250310_075532-scaled.jpg\"><img loading=\"lazy\" decoding=\"async\" class=\"aligncenter size-full wp-image-1936\" src=\"https:\/\/keszleragnesdesign.com\/wp-content\/uploads\/2025\/09\/IMG_20250310_075532-scaled.jpg\" alt=\"\" width=\"2560\" height=\"1711\" srcset=\"https:\/\/keszleragnesdesign.com\/wp-content\/uploads\/2025\/09\/IMG_20250310_075532-scaled.jpg 2560w, https:\/\/keszleragnesdesign.com\/wp-content\/uploads\/2025\/09\/IMG_20250310_075532-300x200.jpg 300w, https:\/\/keszleragnesdesign.com\/wp-content\/uploads\/2025\/09\/IMG_20250310_075532-1024x684.jpg 1024w, https:\/\/keszleragnesdesign.com\/wp-content\/uploads\/2025\/09\/IMG_20250310_075532-768x513.jpg 768w, https:\/\/keszleragnesdesign.com\/wp-content\/uploads\/2025\/09\/IMG_20250310_075532-1536x1027.jpg 1536w, https:\/\/keszleragnesdesign.com\/wp-content\/uploads\/2025\/09\/IMG_20250310_075532-2048x1369.jpg 2048w, https:\/\/keszleragnesdesign.com\/wp-content\/uploads\/2025\/09\/IMG_20250310_075532-1140x762.jpg 1140w\" sizes=\"auto, (max-width: 2560px) 100vw, 2560px\" \/><\/a><\/p>\n<p>H\u00edmzett csipke mint\u00e1s karperecek, k\u00fcl\u00f6nb\u00f6z\u0151 sz\u00edn\u00f6ssze\u00e1ll\u00edt\u00e1sban. K\u00e9szleten.<\/p>\n<p><a href=\"https:\/\/keszleragnesdesign.com\/wp-content\/uploads\/2025\/09\/IMG_20240710_184917-scaled.jpg\"><img loading=\"lazy\" decoding=\"async\" class=\"aligncenter size-full wp-image-1937\" src=\"https:\/\/keszleragnesdesign.com\/wp-content\/uploads\/2025\/09\/IMG_20240710_184917-scaled.jpg\" alt=\"\" width=\"2560\" height=\"1576\" srcset=\"https:\/\/keszleragnesdesign.com\/wp-content\/uploads\/2025\/09\/IMG_20240710_184917-scaled.jpg 2560w, https:\/\/keszleragnesdesign.com\/wp-content\/uploads\/2025\/09\/IMG_20240710_184917-300x185.jpg 300w, https:\/\/keszleragnesdesign.com\/wp-content\/uploads\/2025\/09\/IMG_20240710_184917-1024x630.jpg 1024w, https:\/\/keszleragnesdesign.com\/wp-content\/uploads\/2025\/09\/IMG_20240710_184917-768x473.jpg 768w, https:\/\/keszleragnesdesign.com\/wp-content\/uploads\/2025\/09\/IMG_20240710_184917-1536x946.jpg 1536w, https:\/\/keszleragnesdesign.com\/wp-content\/uploads\/2025\/09\/IMG_20240710_184917-2048x1261.jpg 2048w, https:\/\/keszleragnesdesign.com\/wp-content\/uploads\/2025\/09\/IMG_20240710_184917-1140x702.jpg 1140w\" sizes=\"auto, (max-width: 2560px) 100vw, 2560px\" \/><\/a><\/p>\n<p>Egyiptomi st\u00edlus\u00fa karperecek, n\u00e9gyzet alak\u00fa kabosonnal. K\u00e9szleten l\u00e9v\u0151 karperecek.<\/p>\n<p><a href=\"https:\/\/keszleragnesdesign.com\/wp-content\/uploads\/2025\/09\/IMG_20240702_115417-scaled.jpg\"><img loading=\"lazy\" decoding=\"async\" class=\"aligncenter size-full wp-image-1938\" src=\"https:\/\/keszleragnesdesign.com\/wp-content\/uploads\/2025\/09\/IMG_20240702_115417-scaled.jpg\" alt=\"\" width=\"2431\" height=\"2560\" srcset=\"https:\/\/keszleragnesdesign.com\/wp-content\/uploads\/2025\/09\/IMG_20240702_115417-scaled.jpg 2431w, https:\/\/keszleragnesdesign.com\/wp-content\/uploads\/2025\/09\/IMG_20240702_115417-285x300.jpg 285w, https:\/\/keszleragnesdesign.com\/wp-content\/uploads\/2025\/09\/IMG_20240702_115417-972x1024.jpg 972w, https:\/\/keszleragnesdesign.com\/wp-content\/uploads\/2025\/09\/IMG_20240702_115417-768x809.jpg 768w, https:\/\/keszleragnesdesign.com\/wp-content\/uploads\/2025\/09\/IMG_20240702_115417-1458x1536.jpg 1458w, https:\/\/keszleragnesdesign.com\/wp-content\/uploads\/2025\/09\/IMG_20240702_115417-1944x2048.jpg 1944w, https:\/\/keszleragnesdesign.com\/wp-content\/uploads\/2025\/09\/IMG_20240702_115417-1140x1201.jpg 1140w\" sizes=\"auto, (max-width: 2431px) 100vw, 2431px\" \/><\/a><\/p>\n<p>&#8222;Az \u00c9denkert&#8221; h\u00edmzett karperec, vir\u00e1gokkal, levelekkel d\u00edsz\u00edtve. K\u00e9szleten l\u00e9v\u0151 \u00e9kszer.<\/p>\n","protected":false},"excerpt":{"rendered":"<p>Art deco stylus\u00fa karperecs labradorit kabosonnal, cseh \u00e9s jap\u00e1n gy\u00f6ngy\u00f6kkel h\u00edmezve. K\u00e9szleten l\u00e9v\u0151 \u00e9kszer. H\u00edmzett karperec, brok\u00e1t hat\u00e1s\u00fa szalagra dolgozva, krist\u00e1llyal, strasszl\u00e1nccal, cseh formagy\u00f6ngy\u00f6kkel. Lila-p\u00e1vak\u00e9k karperec, a hozz\u00e1 ill\u0151 t\u00e1sk\u00e1hoz meg\u00e1lmodva, annak mot\u00edvumaival d\u00edsz\u00edtve. K\u00e9szleten. Shibori selyem karperec, \u00fcled\u00e9kes j\u00e1spis k\u0151vel a k\u00f6zep\u00e9n. K\u00e9szleten. H\u00edmzett csipke mint\u00e1s karperecek, k\u00fcl\u00f6nb\u00f6z\u0151 sz\u00edn\u00f6ssze\u00e1ll\u00edt\u00e1sban. K\u00e9szleten. Egyiptomi st\u00edlus\u00fa karperecek, n\u00e9gyzet alak\u00fa kabosonnal. K\u00e9szleten l\u00e9v\u0151 karperecek. &#8222;Az \u00c9denkert&#8221; h\u00edmzett karperec, vir\u00e1gokkal, levelekkel d\u00edsz\u00edtve. K\u00e9szleten l\u00e9v\u0151 \u00e9kszer.<\/p>\n","protected":false},"author":1,"featured_media":0,"parent":2,"menu_order":0,"comment_status":"closed","ping_status":"closed","template":"","meta":{"footnotes":""},"class_list":["post-385","page","type-page","status-publish","hentry"],"jetpack_sharing_enabled":true,"_links":{"self":[{"href":"https:\/\/keszleragnesdesign.com\/index.php\/wp-json\/wp\/v2\/pages\/385","targetHints":{"allow":["GET"]}}],"collection":[{"href":"https:\/\/keszleragnesdesign.com\/index.php\/wp-json\/wp\/v2\/pages"}],"about":[{"href":"https:\/\/keszleragnesdesign.com\/index.php\/wp-json\/wp\/v2\/types\/page"}],"author":[{"embeddable":true,"href":"https:\/\/keszleragnesdesign.com\/index.php\/wp-json\/wp\/v2\/users\/1"}],"replies":[{"embeddable":true,"href":"https:\/\/keszleragnesdesign.com\/index.php\/wp-json\/wp\/v2\/comments?post=385"}],"version-history":[{"count":31,"href":"https:\/\/keszleragnesdesign.com\/index.php\/wp-json\/wp\/v2\/pages\/385\/revisions"}],"predecessor-version":[{"id":2050,"href":"https:\/\/keszleragnesdesign.com\/index.php\/wp-json\/wp\/v2\/pages\/385\/revisions\/2050"}],"up":[{"embeddable":true,"href":"https:\/\/keszleragnesdesign.com\/index.php\/wp-json\/wp\/v2\/pages\/2"}],"wp:attachment":[{"href":"https:\/\/keszleragnesdesign.com\/index.php\/wp-json\/wp\/v2\/media?parent=385"}],"curies":[{"name":"wp","href":"https:\/\/api.w.org\/{rel}","templated":true}]}}