{"id":76,"date":"2022-03-29T16:36:39","date_gmt":"2022-03-29T16:36:39","guid":{"rendered":"https:\/\/keszleragnesdesign.com\/?page_id=76"},"modified":"2024-03-21T14:38:42","modified_gmt":"2024-03-21T14:38:42","slug":"rolam","status":"publish","type":"page","link":"https:\/\/keszleragnesdesign.com\/index.php\/rolam\/","title":{"rendered":"R\u00f3lam"},"content":{"rendered":"<div><img loading=\"lazy\" decoding=\"async\" class=\" wp-image-139 alignright\" src=\"https:\/\/keszleragnesdesign.com\/wp-content\/uploads\/2022\/04\/keszleragnes-233x300.jpg\" alt=\"\" width=\"216\" height=\"278\" \/>Keszler \u00c1gnes vagyok, v\u00e9gzetts\u00e9gem szerint jog\u00e1sz. \u00c9vek \u00f3ta k\u00e9sz\u00edtek hobbi szinten \u00e9kszereket, ez a hobbi az ut\u00f3bbi k\u00e9t-h\u00e1rom \u00e9vben val\u00f3di szenved\u00e9lly\u00e9 v\u00e1lt. Kor\u00e1bban f\u0171z\u00f6tt, most jellemz\u0151en h\u00edmzett \u00e9kszereket k\u00e9sz\u00edtek, amikbe \u00e1sv\u00e1nyokat, herny\u00f3selymet, igazgy\u00f6ngy\u00f6ket \u00e9s \u00fcveggy\u00f6ngy\u00f6ket dolgozok bele.<\/div>\n<div>2022. m\u00e1rcius 1. napj\u00e1t\u00f3l egy\u00e9ni v\u00e1llalkoz\u00f3k\u00e9nt csak ennek a szenved\u00e9lyemnek \u00e9lek.<\/div>\n<div>Az elm\u00falt k\u00f6zel egy \u00e9v eredm\u00e9nyek\u00e9nt t\u00f6bb k\u00e9zm\u0171ves v\u00e1s\u00e1ron mutathattam be munk\u00e1im az \u00e9rdekl\u0151d\u0151knek.<\/div>\n<div>Sz\u00e1mos megrendel\u0151 tisztelt \u00e9s tisztel meg a bizalm\u00e1val, ami mindig nagy \u00f6r\u00f6met jelent sz\u00e1momra, hiszen az egyedi elk\u00e9pzel\u00e9sek megval\u00f3s\u00edt\u00e1sa, form\u00e1ba \u00f6nt\u00e9se a legizgalmasabb kih\u00edv\u00e1s, \u00e9s a megrendel\u0151nek, megaj\u00e1nd\u00e9kozottnak \u00f3ri\u00e1si \u00f6r\u00f6met jelent.<\/div>\n<div>2022. augusztusa \u00f3ta a Sz\u00e9pm\u0171v\u00e9szti M\u00fazeum Boltj\u00e1val bizom\u00e1nyosi szerz\u0151d\u00e9ses viszonyban \u00e1llok, ahol h\u00edmzett \u00e9s f\u0171z\u00f6tt \u00e9kszereim \u00e9rt\u00e9kes\u00edtik, az eredm\u00e9nyes, gy\u00fcm\u00f6lcs\u00f6z\u0151 kapcsolat mind a mai napig fenn\u00e1ll.<\/div>\n<div>2022. okt\u00f3ber\u00e9ben r\u00e9szt vettem a J\u00e1sz-Nagykun-Szolnok Megyei Amat\u0151r M\u0171v\u00e9szek t\u00e1rlat\u00e1n, ahol h\u00e1rom \u00e9kszerk\u00e9szletemmel neveztem. Az &#8222;Indian Summer&#8221; k\u00e9szlet karperece, hajp\u00e1ntja \u00e9s f\u00fclbeval\u00f3ja III. helyez\u00e9st \u00e9rt el.<\/div>\n<div>2023. \u00e1prilis\u00e1ban az amerikai kiad\u00e1s\u00fa United Colours Of Design Magazine oldalain mutathattam be az &#8222;Indian Summer&#8221; nev\u0171 \u00e9kszerk\u00e9szletemet.<\/div>\n<div>Az cikk az al\u00e1bbi linken olvashat\u00f3 (112-113. oldalakon)<\/div>\n<div>https:\/\/unitedcoloursofdesignmag.com\/read-emagazine-turquoise-edition-<a href=\"https:\/\/keszleragnesdesign.com\/wp-content\/uploads\/2024\/01\/Korus-ekszer.jpg\"><img loading=\"lazy\" decoding=\"async\" class=\"alignright wp-image-1518\" src=\"https:\/\/keszleragnesdesign.com\/wp-content\/uploads\/2024\/01\/Korus-ekszer.jpg\" alt=\"\" width=\"145\" height=\"221\" srcset=\"https:\/\/keszleragnesdesign.com\/wp-content\/uploads\/2024\/01\/Korus-ekszer.jpg 1080w, https:\/\/keszleragnesdesign.com\/wp-content\/uploads\/2024\/01\/Korus-ekszer-197x300.jpg 197w, https:\/\/keszleragnesdesign.com\/wp-content\/uploads\/2024\/01\/Korus-ekszer-671x1024.jpg 671w, https:\/\/keszleragnesdesign.com\/wp-content\/uploads\/2024\/01\/Korus-ekszer-768x1172.jpg 768w, https:\/\/keszleragnesdesign.com\/wp-content\/uploads\/2024\/01\/Korus-ekszer-1007x1536.jpg 1007w\" sizes=\"auto, (max-width: 145px) 100vw, 145px\" \/><\/a>april-2013?fbclid=IwAR31ZEeVKi5h5xw32aNgquO_aHAAhLaJQKQMnAaP6HKwjCg29xYu4chPjoA<\/div>\n<div><\/div>\n<div>2023. augusztusban a Magyar Nemzeti K\u00f3rus h\u00f6lgy tagjai r\u00e9z\u00e9re k\u00e9sz\u00edthettem az \u00faj fell\u00e9p\u0151 ruh\u00e1jukhoz egys\u00e9ges kieg\u00e9sz\u00edt\u0151 \u00e9kszert.<\/div>\n<div><\/div>\n<div><\/div>\n<div>A honlapon bemutatom az eddig elk\u00e9sz\u00fclt munk\u00e1imat, mellett\u00fck felt\u00fcntetve, melyek keltek m\u00e1r el, melyek rendelhet\u0151k, illetve melyek vannak k\u00e9szleten.<\/div>\n<div><\/div>\n<div>Amennyiben b\u00e1rmely \u00e9kszer felkeltette \u00e9rdekl\u0151d\u00e9s\u00e9t, vagy ak\u00e1r egyedi, szem\u00e9lyre szabott elk\u00e9pzel\u00e9se van, forduljon hozz\u00e1m bizalommal!<\/div>\n<div><\/div>\n<div><\/div>\n<div><\/div>\n","protected":false},"excerpt":{"rendered":"<p>Keszler \u00c1gnes vagyok, v\u00e9gzetts\u00e9gem szerint jog\u00e1sz. \u00c9vek \u00f3ta k\u00e9sz\u00edtek hobbi szinten \u00e9kszereket, ez a hobbi az ut\u00f3bbi k\u00e9t-h\u00e1rom \u00e9vben val\u00f3di szenved\u00e9lly\u00e9 v\u00e1lt. Kor\u00e1bban f\u0171z\u00f6tt, most jellemz\u0151en h\u00edmzett \u00e9kszereket k\u00e9sz\u00edtek, amikbe \u00e1sv\u00e1nyokat, herny\u00f3selymet, igazgy\u00f6ngy\u00f6ket \u00e9s \u00fcveggy\u00f6ngy\u00f6ket dolgozok bele. 2022. m\u00e1rcius 1. napj\u00e1t\u00f3l egy\u00e9ni v\u00e1llalkoz\u00f3k\u00e9nt csak ennek a szenved\u00e9lyemnek \u00e9lek. Az elm\u00falt k\u00f6zel egy \u00e9v eredm\u00e9nyek\u00e9nt t\u00f6bb k\u00e9zm\u0171ves v\u00e1s\u00e1ron mutathattam be munk\u00e1im az \u00e9rdekl\u0151d\u0151knek. Sz\u00e1mos megrendel\u0151 tisztelt \u00e9s tisztel meg a bizalm\u00e1val, ami mindig nagy \u00f6r\u00f6met jelent sz\u00e1momra, hiszen az egyedi elk\u00e9pzel\u00e9sek megval\u00f3s\u00edt\u00e1sa, form\u00e1ba \u00f6nt\u00e9se a legizgalmasabb kih\u00edv\u00e1s, \u00e9s a megrendel\u0151nek, megaj\u00e1nd\u00e9kozottnak \u00f3ri\u00e1si \u00f6r\u00f6met jelent. 2022. augusztusa \u00f3ta a Sz\u00e9pm\u0171v\u00e9szti M\u00fazeum Boltj\u00e1val bizom\u00e1nyosi szerz\u0151d\u00e9ses viszonyban \u00e1llok, ahol h\u00edmzett \u00e9s f\u0171z\u00f6tt \u00e9kszereim \u00e9rt\u00e9kes\u00edtik, az eredm\u00e9nyes, gy\u00fcm\u00f6lcs\u00f6z\u0151 kapcsolat mind a mai napig fenn\u00e1ll. 2022. okt\u00f3ber\u00e9ben r\u00e9szt vettem a J\u00e1sz-Nagykun-Szolnok Megyei Amat\u0151r M\u0171v\u00e9szek t\u00e1rlat\u00e1n, ahol h\u00e1rom \u00e9kszerk\u00e9szletemmel neveztem. Az &#8222;Indian Summer&#8221; k\u00e9szlet karperece, hajp\u00e1ntja \u00e9s f\u00fclbeval\u00f3ja III. helyez\u00e9st \u00e9rt el. 2023. \u00e1prilis\u00e1ban az amerikai kiad\u00e1s\u00fa United Colours Of Design Magazine oldalain mutathattam be az &#8222;Indian Summer&#8221; nev\u0171 \u00e9kszerk\u00e9szletemet. Az cikk az al\u00e1bbi linken olvashat\u00f3 (112-113. oldalakon) https:\/\/unitedcoloursofdesignmag.com\/read-emagazine-turquoise-edition-april-2013?fbclid=IwAR31ZEeVKi5h5xw32aNgquO_aHAAhLaJQKQMnAaP6HKwjCg29xYu4chPjoA 2023. augusztusban a Magyar Nemzeti K\u00f3rus h\u00f6lgy tagjai r\u00e9z\u00e9re k\u00e9sz\u00edthettem az \u00faj fell\u00e9p\u0151 ruh\u00e1jukhoz egys\u00e9ges kieg\u00e9sz\u00edt\u0151 \u00e9kszert. A honlapon bemutatom az eddig elk\u00e9sz\u00fclt munk\u00e1imat, mellett\u00fck felt\u00fcntetve, melyek keltek m\u00e1r el, melyek rendelhet\u0151k, illetve melyek vannak k\u00e9szleten. Amennyiben b\u00e1rmely \u00e9kszer felkeltette \u00e9rdekl\u0151d\u00e9s\u00e9t, vagy ak\u00e1r egyedi, szem\u00e9lyre szabott elk\u00e9pzel\u00e9se van, forduljon hozz\u00e1m bizalommal!<\/p>\n","protected":false},"author":1,"featured_media":0,"parent":0,"menu_order":0,"comment_status":"closed","ping_status":"closed","template":"","meta":{"footnotes":""},"class_list":["post-76","page","type-page","status-publish","hentry"],"jetpack_sharing_enabled":true,"_links":{"self":[{"href":"https:\/\/keszleragnesdesign.com\/index.php\/wp-json\/wp\/v2\/pages\/76","targetHints":{"allow":["GET"]}}],"collection":[{"href":"https:\/\/keszleragnesdesign.com\/index.php\/wp-json\/wp\/v2\/pages"}],"about":[{"href":"https:\/\/keszleragnesdesign.com\/index.php\/wp-json\/wp\/v2\/types\/page"}],"author":[{"embeddable":true,"href":"https:\/\/keszleragnesdesign.com\/index.php\/wp-json\/wp\/v2\/users\/1"}],"replies":[{"embeddable":true,"href":"https:\/\/keszleragnesdesign.com\/index.php\/wp-json\/wp\/v2\/comments?post=76"}],"version-history":[{"count":12,"href":"https:\/\/keszleragnesdesign.com\/index.php\/wp-json\/wp\/v2\/pages\/76\/revisions"}],"predecessor-version":[{"id":1519,"href":"https:\/\/keszleragnesdesign.com\/index.php\/wp-json\/wp\/v2\/pages\/76\/revisions\/1519"}],"wp:attachment":[{"href":"https:\/\/keszleragnesdesign.com\/index.php\/wp-json\/wp\/v2\/media?parent=76"}],"curies":[{"name":"wp","href":"https:\/\/api.w.org\/{rel}","templated":true}]}}